64.246.165.200 - - [20/Feb/2012:14:03:26 -0500] "GET /robots.txt HTTP/1.0" 200 552 "-" "Mozilla/5.0 (Windows; U; Windows NT 5.1; en; rv:1.9.0.13) Gecko/2009073022 Firefox/3.5.2 (.NET CLR 3.5.30729) SurveyBot/2.3 (DomainTools)"
64.246.165.200 - - [20/Feb/2012:14:03:26 -0500] "GET / HTTP/1.1" 200 10804 "http://whois.domaintools.com/bubbelottie.com" "Mozilla/5.0 (Windows; U; Windows NT 5.1; en; rv:1.9.0.13) Gecko/2009073022 Firefox/3.5.2 (.NET CLR 3.5.30729) SurveyBot/2.3 (DomainTools)"
65.52.109.153 - - [20/Feb/2012:14:44:25 -0500] "GET /robots.txt HTTP/1.1" 200 552 "-" "Mozilla/5.0 (compatible; bingbot/2.0; +http://www.bing.com/bingbot.htm)"
65.52.109.153 - - [20/Feb/2012:14:46:08 -0500] "GET /kosher_recipes/sides/Lotties_Cheese_Strata.shtml HTTP/1.1" 200 8794 "-" "Mozilla/5.0 (compatible; bingbot/2.0; +http://www.bing.com/bingbot.htm)"
207.46.199.39 - - [20/Feb/2012:15:48:27 -0500] "GET /robots.txt HTTP/1.1" 200 552 "-" "Mozilla/5.0 (compatible; bingbot/2.0; +http://www.bing.com/bingbot.htm)"
207.46.199.39 - - [20/Feb/2012:15:49:19 -0500] "GET /kosher_recipes/appetizers/Cocktail_Meat_Balls.shtml HTTP/1.1" 200 8804 "-" "Mozilla/5.0 (compatible; bingbot/2.0; +http://www.bing.com/bingbot.htm)"
79.98.45.58 - - [20/Feb/2012:16:08:01 -0500] "GET // HTTP/1.1" 200 10804 "-" "Mozilla/4.0 (compatible; MSIE 6.0; Windows 98)"
207.46.199.39 - - [20/Feb/2012:17:01:44 -0500] "GET /robots.txt HTTP/1.1" 200 552 "-" "Mozilla/5.0 (compatible; bingbot/2.0; +http://www.bing.com/bingbot.htm)"
207.46.199.39 - - [20/Feb/2012:17:02:42 -0500] "GET /kosher_recipes/passover/Turkey_Knaidlach_Soup.shtml HTTP/1.1" 200 8836 "-" "Mozilla/5.0 (compatible; bingbot/2.0; +http://www.bing.com/bingbot.htm)"
180.76.5.107 - - [20/Feb/2012:17:27:48 -0500] "GET /kosher_recipes/challah/?C=N;O=A HTTP/1.1" 200 10829 "-" "Mozilla/5.0 (compatible; Baiduspider/2.0; +http://www.baidu.com/search/spider.html)"
208.115.113.90 - - [20/Feb/2012:17:31:03 -0500] "GET /menus/?C=S;O=A HTTP/1.1" 200 11175 "-" "Mozilla/5.0 (compatible; Ezooms/1.0; ezooms.bot@gmail.com)"
92.249.127.111 - - [20/Feb/2012:18:01:55 -0500] "GET /kosher_recipes/appetizers/Pitcha.shtml HTTP/1.1" 200 10004 "http://www.woodclass.ru/" "Mozilla/4.0 (compatible; MSIE 6.0; Windows NT 5.1; SV1; .NET CLR 1.1.4322) Babya Discoverer 8.0:"
92.249.127.111 - - [20/Feb/2012:18:01:55 -0500] "GET /kosher_recipes/appetizers/Pitcha.shtml HTTP/1.1" 200 10004 "http://www.woodclass.ru/" "Mozilla/4.0 (compatible; MSIE 6.0; Windows NT 5.1; SV1; .NET CLR 1.1.4322) Babya Discoverer 8.0:"
220.181.108.178 - - [20/Feb/2012:18:04:35 -0500] "GET / HTTP/1.1" 200 10804 "-" "Mozilla/5.0 (compatible; Baiduspider/2.0; +http://www.baidu.com/search/spider.html)"
220.181.108.150 - - [20/Feb/2012:18:06:15 -0500] "GET /kosher_recipes/poultry/ HTTP/1.1" 200 8842 "-" "Mozilla/5.0 (compatible; Baiduspider/2.0; +http://www.baidu.com/search/spider.html)"
220.181.108.178 - - [20/Feb/2012:18:10:02 -0500] "GET /your_recipes/ HTTP/1.1" 200 9094 "-" "Mozilla/5.0 (compatible; Baiduspider/2.0; +http://www.baidu.com/search/spider.html)"
220.181.108.159 - - [20/Feb/2012:18:13:50 -0500] "GET /kosher_recipes/passover/ HTTP/1.1" 200 10391 "-" "Mozilla/5.0 (compatible; Baiduspider/2.0; +http://www.baidu.com/search/spider.html)"
207.46.195.242 - - [20/Feb/2012:19:01:01 -0500] "GET /robots.txt HTTP/1.1" 200 552 "-" "Mozilla/5.0 (compatible; bingbot/2.0; +http://www.bing.com/bingbot.htm)"
207.46.195.242 - - [20/Feb/2012:19:02:43 -0500] "GET /kosher_recipes/passover/Matzo_Brei.shtml HTTP/1.1" 200 8678 "-" "Mozilla/5.0 (compatible; bingbot/2.0; +http://www.bing.com/bingbot.htm)"
213.110.133.221 - - [20/Feb/2012:19:25:04 -0500] "GET /kosher_recipes/sides/Tzimmis.shtml HTTP/1.1" 200 9767 "http://www.apricus-studio.ru/" "Mozilla/4.0 (compatible; MSIE 5.0; Windows 95) Opera 6.01 [en]"
213.110.133.221 - - [20/Feb/2012:19:25:05 -0500] "GET /kosher_recipes/sides/Tzimmis.shtml HTTP/1.1" 200 9767 "http://www.apricus-studio.ru/" "Mozilla/4.0 (compatible; MSIE 5.0; Windows 95) Opera 6.01 [en]"
180.76.5.97 - - [20/Feb/2012:20:26:35 -0500] "GET /kosher_recipes/poultry/ HTTP/1.1" 200 8842 "-" "Mozilla/5.0 (compatible; Baiduspider/2.0; +http://www.baidu.com/search/spider.html)"
178.137.129.75 - - [20/Feb/2012:21:36:11 -0500] "GET /kosher_recipes/appetizers/Pitcha.shtml HTTP/1.0" 200 10004 "http://8gamers.ru/" "Mozilla/4.0 (compatible; MSIE 6.0; Windows NT 5.1; Maxthon; .NET CLR 1.1.4322)"
178.137.129.75 - - [20/Feb/2012:21:36:12 -0500] "GET /kosher_recipes/appetizers/Pitcha.shtml HTTP/1.0" 200 10004 "http://8gamers.ru/" "Mozilla/4.0 (compatible; MSIE 6.0; Windows NT 5.1) Netscape/8.0.4"
178.137.129.75 - - [20/Feb/2012:21:36:13 -0500] "GET /kosher_recipes/appetizers/Pitcha.shtml HTTP/1.0" 200 10004 "http://8gamers.ru/" "Mozilla/4.0 (compatible; MSIE 6.0; Windows NT 5.1; SV1; InfoPath.1)"
193.106.136.41 - - [20/Feb/2012:21:38:20 -0500] "GET /kosher_recipes/appetizers/Pitcha.shtml HTTP/1.0" 200 10004 "http://serialz.com.ua/" "Opera/8.01 (Windows NT 5.1)"
193.106.136.41 - - [20/Feb/2012:21:38:20 -0500] "GET /kosher_recipes/appetizers/Pitcha.shtml HTTP/1.0" 200 10004 "http://serialz.com.ua/" "Opera/9.00 (Windows NT 4.0; U; en)"
193.106.136.41 - - [20/Feb/2012:21:38:21 -0500] "GET /kosher_recipes/appetizers/Pitcha.shtml HTTP/1.0" 200 10004 "http://serialz.com.ua/" "Mozilla/4.0 (compatible; MSIE 6.0; Windows NT 5.2; Win64; x64; SV1; .NET CLR 2.0.50727)"
65.52.104.26 - - [20/Feb/2012:21:42:43 -0500] "GET /robots.txt HTTP/1.1" 200 552 "-" "Mozilla/5.0 (compatible; bingbot/2.0; +http://www.bing.com/bingbot.htm)"
65.52.104.26 - - [20/Feb/2012:21:43:29 -0500] "GET /kosher_recipes/appetizers/Little_Hot_Dogs_in_Blankets.shtml HTTP/1.1" 200 8124 "-" "Mozilla/5.0 (compatible; bingbot/2.0; +http://www.bing.com/bingbot.htm)"
66.249.71.114 - - [20/Feb/2012:21:53:55 -0500] "GET /kosher_recipes/appetizers/ HTTP/1.1" 200 9334 "-" "Mozilla/5.0 (compatible; Googlebot/2.1; +http://www.google.com/bot.html)"
180.76.5.186 - - [20/Feb/2012:22:08:52 -0500] "GET / HTTP/1.1" 200 10804 "-" "Mozilla/5.0 (compatible; Baiduspider/2.0; +http://www.baidu.com/search/spider.html)"
180.76.5.97 - - [20/Feb/2012:22:12:43 -0500] "GET /kosher_recipes/passover/includes/head.html HTTP/1.1" 200 5370 "-" "Mozilla/5.0 (compatible; Baiduspider/2.0; +http://www.baidu.com/search/spider.html)"
66.249.71.114 - - [20/Feb/2012:22:47:06 -0500] "GET /kitchen/includes/foot.html.bak HTTP/1.1" 304 - "-" "Mozilla/5.0 (compatible; Googlebot/2.1; +http://www.google.com/bot.html)"
72.9.105.66 - - [20/Feb/2012:23:50:17 -0500] "GET /db/scripts/setup.php HTTP/1.0" 404 1216 "www.bubbelottie.com/db/scripts/setup.php" "Mozilla/4.0 (compatible; MSIE 6.0; Windows 98; Win 9x 4.90)"
220.181.108.83 - - [21/Feb/2012:00:03:45 -0500] "GET /kosher_recipes/fish/ HTTP/1.1" 200 10157 "-" "Mozilla/5.0 (compatible; Baiduspider/2.0; +http://www.baidu.com/search/spider.html)"
50.113.226.62 - - [21/Feb/2012:00:52:12 -0500] "GET /kosher_recipes/appetizers/Bologna_Log.shtml HTTP/1.1" 200 8578 "http://www.google.com/url?sa=t&rct=j&q=bologna%20log&source=web&cd=1&ved=0CCMQFjAA&url=http%3A%2F%2Fwww.bubbelottie.com%2Fkosher_recipes%2Fappetizers%2FBologna_Log.shtml&ei=BTFDT-GHA4PniAKd6cm0DQ&usg=AFQjCNGK3sbsyn-P3Wlw5hUeFCTWu1QRgg" "Mozilla/5.0 (compatible; MSIE 9.0; Windows NT 6.1; WOW64; Trident/5.0)"
50.113.226.62 - - [21/Feb/2012:00:52:13 -0500] "GET /bsd.gif HTTP/1.1" 200 132 "http://www.bubbelottie.com/kosher_recipes/appetizers/Bologna_Log.shtml" "Mozilla/5.0 (compatible; MSIE 9.0; Windows NT 6.1; WOW64; Trident/5.0)"
50.113.226.62 - - [21/Feb/2012:00:52:13 -0500] "GET /pics/BubbeLottie1.jpg HTTP/1.1" 200 4064 "http://www.bubbelottie.com/kosher_recipes/appetizers/Bologna_Log.shtml" "Mozilla/5.0 (compatible; MSIE 9.0; Windows NT 6.1; WOW64; Trident/5.0)"
50.113.226.62 - - [21/Feb/2012:00:52:13 -0500] "GET /bsd.gif HTTP/1.1" 200 132 "http://www.bubbelottie.com/kosher_recipes/appetizers/Bologna_Log.shtml" "Mozilla/5.0 (compatible; MSIE 9.0; Windows NT 6.1; WOW64; Trident/5.0)"
50.113.226.62 - - [21/Feb/2012:00:52:13 -0500] "GET /images/appetizers.gif HTTP/1.1" 200 3163 "http://www.bubbelottie.com/kosher_recipes/appetizers/Bologna_Log.shtml" "Mozilla/5.0 (compatible; MSIE 9.0; Windows NT 6.1; WOW64; Trident/5.0)"
50.113.226.62 - - [21/Feb/2012:00:52:13 -0500] "GET /images/recipes.gif HTTP/1.1" 200 3190 "http://www.bubbelottie.com/kosher_recipes/appetizers/Bologna_Log.shtml" "Mozilla/5.0 (compatible; MSIE 9.0; Windows NT 6.1; WOW64; Trident/5.0)"
50.113.226.62 - - [21/Feb/2012:00:52:13 -0500] "GET /images/soups.gif HTTP/1.1" 200 2863 "http://www.bubbelottie.com/kosher_recipes/appetizers/Bologna_Log.shtml" "Mozilla/5.0 (compatible; MSIE 9.0; Windows NT 6.1; WOW64; Trident/5.0)"
50.113.226.62 - - [21/Feb/2012:00:52:13 -0500] "GET /images/salads.gif HTTP/1.1" 200 2972 "http://www.bubbelottie.com/kosher_recipes/appetizers/Bologna_Log.shtml" "Mozilla/5.0 (compatible; MSIE 9.0; Windows NT 6.1; WOW64; Trident/5.0)"
50.113.226.62 - - [21/Feb/2012:00:52:13 -0500] "GET /pics/BubbeLottie1.jpg HTTP/1.1" 200 4064 "http://www.bubbelottie.com/kosher_recipes/appetizers/Bologna_Log.shtml" "Mozilla/5.0 (compatible; MSIE 9.0; Windows NT 6.1; WOW64; Trident/5.0)"
50.113.226.62 - - [21/Feb/2012:00:52:13 -0500] "GET /images/fish.gif HTTP/1.1" 200 2893 "http://www.bubbelottie.com/kosher_recipes/appetizers/Bologna_Log.shtml" "Mozilla/5.0 (compatible; MSIE 9.0; Windows NT 6.1; WOW64; Trident/5.0)"
50.113.226.62 - - [21/Feb/2012:00:52:13 -0500] "GET /images/poultry.gif HTTP/1.1" 200 2999 "http://www.bubbelottie.com/kosher_recipes/appetizers/Bologna_Log.shtml" "Mozilla/5.0 (compatible; MSIE 9.0; Windows NT 6.1; WOW64; Trident/5.0)"
50.113.226.62 - - [21/Feb/2012:00:52:13 -0500] "GET /images/meat.gif HTTP/1.1" 200 2833 "http://www.bubbelottie.com/kosher_recipes/appetizers/Bologna_Log.shtml" "Mozilla/5.0 (compatible; MSIE 9.0; Windows NT 6.1; WOW64; Trident/5.0)"
50.113.226.62 - - [21/Feb/2012:00:52:13 -0500] "GET /images/veg.gif HTTP/1.1" 200 3479 "http://www.bubbelottie.com/kosher_recipes/appetizers/Bologna_Log.shtml" "Mozilla/5.0 (compatible; MSIE 9.0; Windows NT 6.1; WOW64; Trident/5.0)"
50.113.226.62 - - [21/Feb/2012:00:52:13 -0500] "GET /images/sides.gif HTTP/1.1" 200 3188 "http://www.bubbelottie.com/kosher_recipes/appetizers/Bologna_Log.shtml" "Mozilla/5.0 (compatible; MSIE 9.0; Windows NT 6.1; WOW64; Trident/5.0)"
50.113.226.62 - - [21/Feb/2012:00:52:13 -0500] "GET /images/dessert.gif HTTP/1.1" 200 2994 "http://www.bubbelottie.com/kosher_recipes/appetizers/Bologna_Log.shtml" "Mozilla/5.0 (compatible; MSIE 9.0; Windows NT 6.1; WOW64; Trident/5.0)"
50.113.226.62 - - [21/Feb/2012:00:52:13 -0500] "GET /images/challah.gif HTTP/1.1" 200 2963 "http://www.bubbelottie.com/kosher_recipes/appetizers/Bologna_Log.shtml" "Mozilla/5.0 (compatible; MSIE 9.0; Windows NT 6.1; WOW64; Trident/5.0)"
50.113.226.62 - - [21/Feb/2012:00:52:13 -0500] "GET /images/passover.gif HTTP/1.1" 200 3010 "http://www.bubbelottie.com/kosher_recipes/appetizers/Bologna_Log.shtml" "Mozilla/5.0 (compatible; MSIE 9.0; Windows NT 6.1; WOW64; Trident/5.0)"
50.113.226.62 - - [21/Feb/2012:00:52:13 -0500] "GET /images/menus.gif HTTP/1.1" 200 3272 "http://www.bubbelottie.com/kosher_recipes/appetizers/Bologna_Log.shtml" "Mozilla/5.0 (compatible; MSIE 9.0; Windows NT 6.1; WOW64; Trident/5.0)"
50.113.226.62 - - [21/Feb/2012:00:52:13 -0500] "GET /images/stories.gif HTTP/1.1" 200 3266 "http://www.bubbelottie.com/kosher_recipes/appetizers/Bologna_Log.shtml" "Mozilla/5.0 (compatible; MSIE 9.0; Windows NT 6.1; WOW64; Trident/5.0)"
50.113.226.62 - - [21/Feb/2012:00:52:13 -0500] "GET /images/wyb.gif HTTP/1.1" 200 3588 "http://www.bubbelottie.com/kosher_recipes/appetizers/Bologna_Log.shtml" "Mozilla/5.0 (compatible; MSIE 9.0; Windows NT 6.1; WOW64; Trident/5.0)"
50.113.226.62 - - [21/Feb/2012:00:52:13 -0500] "GET /images/home.gif HTTP/1.1" 200 3069 "http://www.bubbelottie.com/kosher_recipes/appetizers/Bologna_Log.shtml" "Mozilla/5.0 (compatible; MSIE 9.0; Windows NT 6.1; WOW64; Trident/5.0)"
50.113.226.62 - - [21/Feb/2012:00:52:13 -0500] "GET /images/yourrecipes.gif HTTP/1.1" 200 3419 "http://www.bubbelottie.com/kosher_recipes/appetizers/Bologna_Log.shtml" "Mozilla/5.0 (compatible; MSIE 9.0; Windows NT 6.1; WOW64; Trident/5.0)"
50.113.226.62 - - [21/Feb/2012:00:52:13 -0500] "GET /images/envelope.gif HTTP/1.1" 200 14893 "http://www.bubbelottie.com/kosher_recipes/appetizers/Bologna_Log.shtml" "Mozilla/5.0 (compatible; MSIE 9.0; Windows NT 6.1; WOW64; Trident/5.0)"
66.249.71.114 - - [21/Feb/2012:00:52:14 -0500] "GET /robots.txt HTTP/1.1" 200 552 "-" "Mozilla/5.0 (compatible; Googlebot/2.1; +http://www.google.com/bot.html)"
66.249.71.114 - - [21/Feb/2012:00:52:14 -0500] "GET /kosher_recipes/appetizers/Bologna_Log.shtml HTTP/1.1" 200 8578 "-" "Mediapartners-Google"
50.113.226.62 - - [21/Feb/2012:00:52:16 -0500] "GET /favicon.ico HTTP/1.1" 200 3638 "-" "Mozilla/5.0 (compatible; MSIE 9.0; Windows NT 6.1; WOW64; Trident/5.0)"
50.113.226.62 - - [21/Feb/2012:00:52:37 -0500] "GET /kosher_recipes/meat/ HTTP/1.1" 200 11274 "http://www.bubbelottie.com/kosher_recipes/appetizers/Bologna_Log.shtml" "Mozilla/5.0 (compatible; MSIE 9.0; Windows NT 6.1; WOW64; Trident/5.0)"
50.113.226.62 - - [21/Feb/2012:00:52:38 -0500] "GET /images/meat.jpg HTTP/1.1" 200 3389 "http://www.bubbelottie.com/kosher_recipes/meat/" "Mozilla/5.0 (compatible; MSIE 9.0; Windows NT 6.1; WOW64; Trident/5.0)"
50.113.226.62 - - [21/Feb/2012:00:52:38 -0500] "GET /images/meat.jpg HTTP/1.1" 200 3389 "http://www.bubbelottie.com/kosher_recipes/meat/" "Mozilla/5.0 (compatible; MSIE 9.0; Windows NT 6.1; WOW64; Trident/5.0)"
50.113.226.62 - - [21/Feb/2012:00:53:08 -0500] "GET /kosher_recipes/meat/BostonBakedBeansandBrisket.shtml HTTP/1.1" 200 9105 "http://www.bubbelottie.com/kosher_recipes/meat/" "Mozilla/5.0 (compatible; MSIE 9.0; Windows NT 6.1; WOW64; Trident/5.0)"
66.249.71.114 - - [21/Feb/2012:00:53:09 -0500] "GET /kosher_recipes/meat/BostonBakedBeansandBrisket.shtml HTTP/1.1" 200 9105 "-" "Mediapartners-Google"
50.113.226.62 - - [21/Feb/2012:00:56:37 -0500] "GET /kosher_recipes/meat/ HTTP/1.1" 200 11274 "http://www.bubbelottie.com/kosher_recipes/meat/BostonBakedBeansandBrisket.shtml" "Mozilla/5.0 (compatible; MSIE 9.0; Windows NT 6.1; WOW64; Trident/5.0)"
50.113.226.62 - - [21/Feb/2012:00:56:58 -0500] "GET /kosher_recipes/poultry/ HTTP/1.1" 200 8842 "http://www.bubbelottie.com/kosher_recipes/meat/" "Mozilla/5.0 (compatible; MSIE 9.0; Windows NT 6.1; WOW64; Trident/5.0)"
50.113.226.62 - - [21/Feb/2012:00:56:59 -0500] "GET /images/poultry.jpg HTTP/1.1" 200 4219 "http://www.bubbelottie.com/kosher_recipes/poultry/" "Mozilla/5.0 (compatible; MSIE 9.0; Windows NT 6.1; WOW64; Trident/5.0)"
50.113.226.62 - - [21/Feb/2012:00:56:59 -0500] "GET /images/poultry.jpg HTTP/1.1" 200 4219 "http://www.bubbelottie.com/kosher_recipes/poultry/" "Mozilla/5.0 (compatible; MSIE 9.0; Windows NT 6.1; WOW64; Trident/5.0)"
66.249.71.114 - - [21/Feb/2012:00:56:59 -0500] "GET /kosher_recipes/poultry/ HTTP/1.1" 200 8842 "-" "Mediapartners-Google"
50.113.226.62 - - [21/Feb/2012:00:57:13 -0500] "GET /kosher_recipes/fish/ HTTP/1.1" 200 10157 "http://www.bubbelottie.com/kosher_recipes/poultry/" "Mozilla/5.0 (compatible; MSIE 9.0; Windows NT 6.1; WOW64; Trident/5.0)"
50.113.226.62 - - [21/Feb/2012:00:57:13 -0500] "GET /images/fish.jpg HTTP/1.1" 200 2725 "http://www.bubbelottie.com/kosher_recipes/fish/" "Mozilla/5.0 (compatible; MSIE 9.0; Windows NT 6.1; WOW64; Trident/5.0)"
50.113.226.62 - - [21/Feb/2012:00:57:13 -0500] "GET /images/fish.jpg HTTP/1.1" 200 2725 "http://www.bubbelottie.com/kosher_recipes/fish/" "Mozilla/5.0 (compatible; MSIE 9.0; Windows NT 6.1; WOW64; Trident/5.0)"
66.249.71.114 - - [21/Feb/2012:00:57:14 -0500] "GET /kosher_recipes/fish/ HTTP/1.1" 200 10157 "-" "Mediapartners-Google"
50.113.226.62 - - [21/Feb/2012:00:57:37 -0500] "GET /kosher_recipes/soup/ HTTP/1.1" 200 9044 "http://www.bubbelottie.com/kosher_recipes/fish/" "Mozilla/5.0 (compatible; MSIE 9.0; Windows NT 6.1; WOW64; Trident/5.0)"
50.113.226.62 - - [21/Feb/2012:00:57:38 -0500] "GET /images/soups.jpg HTTP/1.1" 200 3430 "http://www.bubbelottie.com/kosher_recipes/soup/" "Mozilla/5.0 (compatible; MSIE 9.0; Windows NT 6.1; WOW64; Trident/5.0)"
65.52.104.26 - - [21/Feb/2012:02:04:29 -0500] "GET /robots.txt HTTP/1.1" 200 552 "-" "Mozilla/5.0 (compatible; bingbot/2.0; +http://www.bing.com/bingbot.htm)"
180.76.5.165 - - [21/Feb/2012:02:05:19 -0500] "GET /kosher_recipes/passover/includes/head.htm.oldgoogle HTTP/1.1" 200 5833 "-" "Mozilla/5.0 (compatible; Baiduspider/2.0; +http://www.baidu.com/search/spider.html)"
65.52.104.26 - - [21/Feb/2012:02:05:57 -0500] "GET /kosher_recipes/meat/includes/ HTTP/1.1" 200 1907 "-" "Mozilla/5.0 (compatible; bingbot/2.0; +http://www.bing.com/bingbot.htm)"
66.249.71.114 - - [21/Feb/2012:02:23:46 -0500] "GET /your_recipes/ HTTP/1.1" 200 9094 "-" "Mozilla/5.0 (iPhone; U; CPU iPhone OS 4_1 like Mac OS X; en-us) AppleWebKit/532.9 (KHTML, like Gecko) Version/4.0.5 Mobile/8B117 Safari/6531.22.7 (compatible; Googlebot-Mobile/2.1; +http://www.google.com/bot.html)"
66.249.71.114 - - [21/Feb/2012:02:34:22 -0500] "GET /bsd.gif HTTP/1.1" 200 132 "-" "Mozilla/5.0 (compatible; Googlebot/2.1; +http://www.google.com/bot.html)"
123.125.71.100 - - [21/Feb/2012:03:26:32 -0500] "GET /BubbeRachelM.jpg HTTP/1.1" 200 4379 "-" "Baiduspider-image+(+http://www.baidu.com/search/spider.htm)"
180.76.5.113 - - [21/Feb/2012:04:06:25 -0500] "GET /kosher_recipes/poultry/index.shtml HTTP/1.1" 200 8842 "-" "Mozilla/5.0 (compatible; Baiduspider/2.0; +http://www.baidu.com/search/spider.html)"
180.76.5.53 - - [21/Feb/2012:04:06:26 -0500] "GET /kosher_recipes/poultry/ HTTP/1.1" 200 8842 "-" "Mozilla/5.0 (compatible; Baiduspider/2.0; +http://www.baidu.com/search/spider.html)"
66.249.71.114 - - [21/Feb/2012:04:23:54 -0500] "GET /kosher_recipes/challah/ HTTP/1.1" 200 10829 "-" "Mozilla/5.0 (iPhone; U; CPU iPhone OS 4_1 like Mac OS X; en-us) AppleWebKit/532.9 (KHTML, like Gecko) Version/4.0.5 Mobile/8B117 Safari/6531.22.7 (compatible; Googlebot-Mobile/2.1; +http://www.google.com/bot.html)"
66.249.71.114 - - [21/Feb/2012:04:46:20 -0500] "GET /your_recipes/index.shtml HTTP/1.1" 200 9094 "-" "Mozilla/5.0 (compatible; Googlebot/2.1; +http://www.google.com/bot.html)"
93.219.108.173 - - [21/Feb/2012:04:46:37 -0500] "GET /robots.txt HTTP/1.0" 200 552 "-" "Mozilla/5.0 (compatible; MJ12bot/v1.4.2; http://www.majestic12.co.uk/bot.php?+)"
93.219.108.173 - - [21/Feb/2012:04:46:40 -0500] "GET / HTTP/1.0" 200 10804 "-" "Mozilla/5.0 (compatible; MJ12bot/v1.4.2; http://www.majestic12.co.uk/bot.php?+)"
208.115.111.74 - - [21/Feb/2012:05:17:12 -0500] "GET /kosher_recipes/dessert/WalnutHoneyCake.shtml HTTP/1.1" 200 9619 "-" "Mozilla/5.0 (compatible; Ezooms/1.0; ezooms.bot@gmail.com)"
208.115.111.74 - - [21/Feb/2012:05:17:14 -0500] "GET /kosher_recipes/passover/BubbeLotties_Charoses.shtml HTTP/1.1" 200 8578 "-" "Mozilla/5.0 (compatible; Ezooms/1.0; ezooms.bot@gmail.com)"
208.115.111.74 - - [21/Feb/2012:05:17:17 -0500] "GET /kosher_recipes/salad/Borsht_Salad.shtml HTTP/1.1" 200 8716 "-" "Mozilla/5.0 (compatible; Ezooms/1.0; ezooms.bot@gmail.com)"
180.76.5.173 - - [21/Feb/2012:05:43:27 -0500] "GET / HTTP/1.1" 200 10804 "-" "Mozilla/5.0 (compatible; Baiduspider/2.0; +http://www.baidu.com/search/spider.html)"
180.76.5.100 - - [21/Feb/2012:06:01:51 -0500] "GET /kosher_recipes/challah/includes/body.html HTTP/1.1" 200 5370 "-" "Mozilla/5.0 (compatible; Baiduspider/2.0; +http://www.baidu.com/search/spider.html)"
123.125.71.98 - - [21/Feb/2012:07:29:31 -0500] "GET / HTTP/1.1" 200 10804 "-" "Mozilla/5.0 (compatible; Baiduspider/2.0; +http://www.baidu.com/search/spider.html)"
220.181.108.166 - - [21/Feb/2012:07:30:01 -0500] "GET / HTTP/1.1" 200 10804 "-" "Mozilla/5.0 (compatible; Baiduspider/2.0; +http://www.baidu.com/search/spider.html)"
180.76.5.144 - - [21/Feb/2012:08:04:20 -0500] "GET /kosher_recipes/sides/?C=M;O=A HTTP/1.1" 200 11886 "-" "Mozilla/5.0 (compatible; Baiduspider/2.0; +http://www.baidu.com/search/spider.html)"
76.72.167.163 - - [21/Feb/2012:08:47:32 -0500] "GET /robots.txt HTTP/1.0" 200 552 "-" "Mozilla/5.0 (compatible; MJ12bot/v1.4.2; http://www.majestic12.co.uk/bot.php?+)"
76.72.167.163 - - [21/Feb/2012:08:47:33 -0500] "GET /?C=D;O=A HTTP/1.0" 200 10804 "-" "Mozilla/5.0 (compatible; MJ12bot/v1.4.2; http://www.majestic12.co.uk/bot.php?+)"
184.72.69.5 - - [21/Feb/2012:08:48:54 -0500] "GET / HTTP/1.1" 200 10804 "-" "Mozilla/5.0 (Windows; U; Windows NT 6.0; en-US; rv:1.9.2.3) Gecko/20100401 Firefox/3.6.3 GTB6 (.NET CLR 3.5.30729)"
220.181.108.101 - - [21/Feb/2012:09:39:55 -0500] "GET /BubbeChaya.jpg HTTP/1.1" 200 4620 "-" "Baiduspider-image+(+http://www.baidu.com/search/spider.htm)"
173.35.56.155 - - [21/Feb/2012:09:54:16 -0500] "GET /kosher_recipes/dessert/TheWorldsBestAppleCakeForSure.shtml HTTP/1.1" 200 9065 "http://www.google.ca/search?q=best+apple+cake+in+the+world&ie=UTF-8&oe=UTF-8&hl=en&client=safari" "Mozilla/5.0 (iPhone; U; CPU iPhone OS 4_3_2 like Mac OS X; en-us) AppleWebKit/533.17.9 (KHTML, like Gecko) Version/5.0.2 Mobile/8H7 Safari/6533.18.5"
173.35.56.155 - - [21/Feb/2012:09:54:16 -0500] "GET /bsd.gif HTTP/1.1" 200 132 "http://www.bubbelottie.com/kosher_recipes/dessert/TheWorldsBestAppleCakeForSure.shtml" "Mozilla/5.0 (iPhone; U; CPU iPhone OS 4_3_2 like Mac OS X; en-us) AppleWebKit/533.17.9 (KHTML, like Gecko) Version/5.0.2 Mobile/8H7 Safari/6533.18.5"
173.35.56.155 - - [21/Feb/2012:09:54:16 -0500] "GET /pics/BubbeLottie1.jpg HTTP/1.1" 200 4064 "http://www.bubbelottie.com/kosher_recipes/dessert/TheWorldsBestAppleCakeForSure.shtml" "Mozilla/5.0 (iPhone; U; CPU iPhone OS 4_3_2 like Mac OS X; en-us) AppleWebKit/533.17.9 (KHTML, like Gecko) Version/5.0.2 Mobile/8H7 Safari/6533.18.5"
173.35.56.155 - - [21/Feb/2012:09:54:16 -0500] "GET /images/recipes.gif HTTP/1.1" 200 3190 "http://www.bubbelottie.com/kosher_recipes/dessert/TheWorldsBestAppleCakeForSure.shtml" "Mozilla/5.0 (iPhone; U; CPU iPhone OS 4_3_2 like Mac OS X; en-us) AppleWebKit/533.17.9 (KHTML, like Gecko) Version/5.0.2 Mobile/8H7 Safari/6533.18.5"
173.35.56.155 - - [21/Feb/2012:09:54:16 -0500] "GET /images/appetizers.gif HTTP/1.1" 200 3163 "http://www.bubbelottie.com/kosher_recipes/dessert/TheWorldsBestAppleCakeForSure.shtml" "Mozilla/5.0 (iPhone; U; CPU iPhone OS 4_3_2 like Mac OS X; en-us) AppleWebKit/533.17.9 (KHTML, like Gecko) Version/5.0.2 Mobile/8H7 Safari/6533.18.5"
173.35.56.155 - - [21/Feb/2012:09:54:16 -0500] "GET /images/soups.gif HTTP/1.1" 200 2863 "http://www.bubbelottie.com/kosher_recipes/dessert/TheWorldsBestAppleCakeForSure.shtml" "Mozilla/5.0 (iPhone; U; CPU iPhone OS 4_3_2 like Mac OS X; en-us) AppleWebKit/533.17.9 (KHTML, like Gecko) Version/5.0.2 Mobile/8H7 Safari/6533.18.5"
173.35.56.155 - - [21/Feb/2012:09:54:16 -0500] "GET /images/salads.gif HTTP/1.1" 200 2972 "http://www.bubbelottie.com/kosher_recipes/dessert/TheWorldsBestAppleCakeForSure.shtml" "Mozilla/5.0 (iPhone; U; CPU iPhone OS 4_3_2 like Mac OS X; en-us) AppleWebKit/533.17.9 (KHTML, like Gecko) Version/5.0.2 Mobile/8H7 Safari/6533.18.5"
173.35.56.155 - - [21/Feb/2012:09:54:16 -0500] "GET /images/fish.gif HTTP/1.1" 200 2893 "http://www.bubbelottie.com/kosher_recipes/dessert/TheWorldsBestAppleCakeForSure.shtml" "Mozilla/5.0 (iPhone; U; CPU iPhone OS 4_3_2 like Mac OS X; en-us) AppleWebKit/533.17.9 (KHTML, like Gecko) Version/5.0.2 Mobile/8H7 Safari/6533.18.5"
173.35.56.155 - - [21/Feb/2012:09:54:18 -0500] "GET /images/poultry.gif HTTP/1.1" 200 2999 "http://www.bubbelottie.com/kosher_recipes/dessert/TheWorldsBestAppleCakeForSure.shtml" "Mozilla/5.0 (iPhone; U; CPU iPhone OS 4_3_2 like Mac OS X; en-us) AppleWebKit/533.17.9 (KHTML, like Gecko) Version/5.0.2 Mobile/8H7 Safari/6533.18.5"
173.35.56.155 - - [21/Feb/2012:09:54:18 -0500] "GET /images/meat.gif HTTP/1.1" 200 2833 "http://www.bubbelottie.com/kosher_recipes/dessert/TheWorldsBestAppleCakeForSure.shtml" "Mozilla/5.0 (iPhone; U; CPU iPhone OS 4_3_2 like Mac OS X; en-us) AppleWebKit/533.17.9 (KHTML, like Gecko) Version/5.0.2 Mobile/8H7 Safari/6533.18.5"
173.35.56.155 - - [21/Feb/2012:09:54:18 -0500] "GET /images/veg.gif HTTP/1.1" 200 3479 "http://www.bubbelottie.com/kosher_recipes/dessert/TheWorldsBestAppleCakeForSure.shtml" "Mozilla/5.0 (iPhone; U; CPU iPhone OS 4_3_2 like Mac OS X; en-us) AppleWebKit/533.17.9 (KHTML, like Gecko) Version/5.0.2 Mobile/8H7 Safari/6533.18.5"
173.35.56.155 - - [21/Feb/2012:09:54:18 -0500] "GET /images/sides.gif HTTP/1.1" 200 3188 "http://www.bubbelottie.com/kosher_recipes/dessert/TheWorldsBestAppleCakeForSure.shtml" "Mozilla/5.0 (iPhone; U; CPU iPhone OS 4_3_2 like Mac OS X; en-us) AppleWebKit/533.17.9 (KHTML, like Gecko) Version/5.0.2 Mobile/8H7 Safari/6533.18.5"
173.35.56.155 - - [21/Feb/2012:09:54:18 -0500] "GET /images/dessert.gif HTTP/1.1" 200 2994 "http://www.bubbelottie.com/kosher_recipes/dessert/TheWorldsBestAppleCakeForSure.shtml" "Mozilla/5.0 (iPhone; U; CPU iPhone OS 4_3_2 like Mac OS X; en-us) AppleWebKit/533.17.9 (KHTML, like Gecko) Version/5.0.2 Mobile/8H7 Safari/6533.18.5"
173.35.56.155 - - [21/Feb/2012:09:54:18 -0500] "GET /images/challah.gif HTTP/1.1" 200 2963 "http://www.bubbelottie.com/kosher_recipes/dessert/TheWorldsBestAppleCakeForSure.shtml" "Mozilla/5.0 (iPhone; U; CPU iPhone OS 4_3_2 like Mac OS X; en-us) AppleWebKit/533.17.9 (KHTML, like Gecko) Version/5.0.2 Mobile/8H7 Safari/6533.18.5"
173.35.56.155 - - [21/Feb/2012:09:54:18 -0500] "GET /images/passover.gif HTTP/1.1" 200 3010 "http://www.bubbelottie.com/kosher_recipes/dessert/TheWorldsBestAppleCakeForSure.shtml" "Mozilla/5.0 (iPhone; U; CPU iPhone OS 4_3_2 like Mac OS X; en-us) AppleWebKit/533.17.9 (KHTML, like Gecko) Version/5.0.2 Mobile/8H7 Safari/6533.18.5"
173.35.56.155 - - [21/Feb/2012:09:54:18 -0500] "GET /images/stories.gif HTTP/1.1" 200 3266 "http://www.bubbelottie.com/kosher_recipes/dessert/TheWorldsBestAppleCakeForSure.shtml" "Mozilla/5.0 (iPhone; U; CPU iPhone OS 4_3_2 like Mac OS X; en-us) AppleWebKit/533.17.9 (KHTML, like Gecko) Version/5.0.2 Mobile/8H7 Safari/6533.18.5"
173.35.56.155 - - [21/Feb/2012:09:54:18 -0500] "GET /images/menus.gif HTTP/1.1" 200 3272 "http://www.bubbelottie.com/kosher_recipes/dessert/TheWorldsBestAppleCakeForSure.shtml" "Mozilla/5.0 (iPhone; U; CPU iPhone OS 4_3_2 like Mac OS X; en-us) AppleWebKit/533.17.9 (KHTML, like Gecko) Version/5.0.2 Mobile/8H7 Safari/6533.18.5"
173.35.56.155 - - [21/Feb/2012:09:54:18 -0500] "GET /images/yourrecipes.gif HTTP/1.1" 200 3419 "http://www.bubbelottie.com/kosher_recipes/dessert/TheWorldsBestAppleCakeForSure.shtml" "Mozilla/5.0 (iPhone; U; CPU iPhone OS 4_3_2 like Mac OS X; en-us) AppleWebKit/533.17.9 (KHTML, like Gecko) Version/5.0.2 Mobile/8H7 Safari/6533.18.5"
173.35.56.155 - - [21/Feb/2012:09:54:18 -0500] "GET /images/wyb.gif HTTP/1.1" 200 3588 "http://www.bubbelottie.com/kosher_recipes/dessert/TheWorldsBestAppleCakeForSure.shtml" "Mozilla/5.0 (iPhone; U; CPU iPhone OS 4_3_2 like Mac OS X; en-us) AppleWebKit/533.17.9 (KHTML, like Gecko) Version/5.0.2 Mobile/8H7 Safari/6533.18.5"
173.35.56.155 - - [21/Feb/2012:09:54:18 -0500] "GET /images/home.gif HTTP/1.1" 200 3069 "http://www.bubbelottie.com/kosher_recipes/dessert/TheWorldsBestAppleCakeForSure.shtml" "Mozilla/5.0 (iPhone; U; CPU iPhone OS 4_3_2 like Mac OS X; en-us) AppleWebKit/533.17.9 (KHTML, like Gecko) Version/5.0.2 Mobile/8H7 Safari/6533.18.5"
173.35.56.155 - - [21/Feb/2012:09:54:18 -0500] "GET /images/envelope.gif HTTP/1.1" 200 14893 "http://www.bubbelottie.com/kosher_recipes/dessert/TheWorldsBestAppleCakeForSure.shtml" "Mozilla/5.0 (iPhone; U; CPU iPhone OS 4_3_2 like Mac OS X; en-us) AppleWebKit/533.17.9 (KHTML, like Gecko) Version/5.0.2 Mobile/8H7 Safari/6533.18.5"
207.46.13.115 - - [21/Feb/2012:10:22:57 -0500] "GET /robots.txt HTTP/1.1" 200 552 "-" "Mozilla/5.0 (compatible; bingbot/2.0; +http://www.bing.com/bingbot.htm)"
207.46.13.115 - - [21/Feb/2012:10:24:14 -0500] "GET /kosher_recipes/veg/eggplant_parmesan.shtml HTTP/1.1" 200 9649 "-" "Mozilla/5.0 (compatible; bingbot/2.0; +http://www.bing.com/bingbot.htm)"
123.125.71.50 - - [21/Feb/2012:12:22:46 -0500] "GET /robots.txt HTTP/1.1" 200 552 "-" "Baiduspider+(+http://www.baidu.com/search/spider.htm)"
123.125.71.40 - - [21/Feb/2012:12:31:43 -0500] "GET /robots.txt HTTP/1.1" 200 552 "-" "Baiduspider+(+http://www.baidu.com/search/spider.htm)"
207.46.204.180 - - [21/Feb/2012:12:50:16 -0500] "GET /robots.txt HTTP/1.1" 200 552 "-" "Mozilla/5.0 (compatible; bingbot/2.0; +http://www.bing.com/bingbot.htm)"
207.46.204.180 - - [21/Feb/2012:12:51:05 -0500] "GET /kosher_recipes/meat/Fruited_Pot_Roast.shtml HTTP/1.1" 200 9332 "-" "Mozilla/5.0 (compatible; bingbot/2.0; +http://www.bing.com/bingbot.htm)"
65.52.109.200 - - [21/Feb/2012:13:01:45 -0500] "GET /kosher_recipes/veg/eggplant_parmesan.shtml HTTP/1.1" 200 9649 "-" "Mozilla/5.0 (compatible; bingbot/2.0; +http://www.bing.com/bingbot.htm)"
65.52.109.198 - - [21/Feb/2012:13:31:35 -0500] "GET /robots.txt HTTP/1.1" 200 552 "-" "Mozilla/5.0 (compatible; bingbot/2.0; +http://www.bing.com/bingbot.htm)"
65.52.109.198 - - [21/Feb/2012:13:34:06 -0500] "GET /kosher_recipes/dessert/Carmel-CrunchMatzoDessert.shtml HTTP/1.1" 200 8920 "-" "Mozilla/5.0 (compatible; bingbot/2.0; +http://www.bing.com/bingbot.htm)"
65.52.110.18 - - [21/Feb/2012:13:49:52 -0500] "GET /robots.txt HTTP/1.1" 200 552 "-" "Mozilla/5.0 (compatible; bingbot/2.0; +http://www.bing.com/bingbot.htm)"
65.52.110.18 - - [21/Feb/2012:13:50:40 -0500] "GET /kosher_recipes/challah/basic_challah.shtml HTTP/1.1" 200 9751 "-" "Mozilla/5.0 (compatible; bingbot/2.0; +http://www.bing.com/bingbot.htm)"
180.76.5.166 - - [21/Feb/2012:13:59:33 -0500] "GET /kosher_recipes/challah/includes/kosherlamp HTTP/1.1" 200 268 "-" "Mozilla/5.0 (compatible; Baiduspider/2.0; +http://www.baidu.com/search/spider.html)"
123.125.71.103 - - [21/Feb/2012:14:20:21 -0500] "GET / HTTP/1.1" 200 10804 "-" "Mozilla/5.0 (compatible; Baiduspider/2.0; +http://www.baidu.com/search/spider.html)"
220.181.108.167 - - [21/Feb/2012:14:20:29 -0500] "GET / HTTP/1.1" 200 10804 "-" "Mozilla/5.0 (compatible; Baiduspider/2.0; +http://www.baidu.com/search/spider.html)"
208.115.111.74 - - [21/Feb/2012:14:21:15 -0500] "GET /kosher_recipes/dessert/Eingemachts.shtml HTTP/1.1" 200 8600 "-" "Mozilla/5.0 (compatible; Ezooms/1.0; ezooms.bot@gmail.com)"
65.52.108.66 - - [21/Feb/2012:14:32:22 -0500] "GET /robots.txt HTTP/1.1" 200 552 "-" "Mozilla/5.0 (compatible; bingbot/2.0; +http://www.bing.com/bingbot.htm)"
66.249.71.114 - - [21/Feb/2012:14:52:46 -0500] "GET /bak/ HTTP/1.1" 200 572 "-" "Mozilla/5.0 (compatible; Googlebot/2.1; +http://www.google.com/bot.html)"
65.52.108.66 - - [21/Feb/2012:14:54:24 -0500] "GET /menus/index.shtml HTTP/1.1" 200 11175 "-" "Mozilla/5.0 (compatible; bingbot/2.0; +http://www.bing.com/bingbot.htm)"
220.181.108.139 - - [21/Feb/2012:15:11:17 -0500] "GET /kosher_recipes/fish/ HTTP/1.1" 200 10157 "-" "Mozilla/5.0 (compatible; Baiduspider/2.0; +http://www.baidu.com/search/spider.html)"
180.76.5.67 - - [21/Feb/2012:15:20:14 -0500] "GET / HTTP/1.1" 200 10804 "-" "Mozilla/5.0 (compatible; Baiduspider/2.0; +http://www.baidu.com/search/spider.html)"
66.249.71.114 - - [21/Feb/2012:15:29:31 -0500] "GET /kosher_recipes/sides/String_Beans_and_Tomatoes.shtml HTTP/1.1" 200 8623 "-" "Mozilla/5.0 (compatible; Googlebot/2.1; +http://www.google.com/bot.html)"
66.249.71.114 - - [21/Feb/2012:16:05:40 -0500] "GET /kosher_recipes/soup/Emmas_Cabbage_Soup.shtml HTTP/1.1" 200 8788 "-" "Mozilla/5.0 (compatible; Googlebot/2.1; +http://www.google.com/bot.html)"
66.249.71.114 - - [21/Feb/2012:16:56:59 -0500] "GET / HTTP/1.1" 200 10804 "-" "Mozilla/5.0 (iPhone; U; CPU iPhone OS 4_1 like Mac OS X; en-us) AppleWebKit/532.9 (KHTML, like Gecko) Version/4.0.5 Mobile/8B117 Safari/6531.22.7 (compatible; Googlebot-Mobile/2.1; +http://www.google.com/bot.html)"
207.46.13.96 - - [21/Feb/2012:19:19:08 -0500] "GET /robots.txt HTTP/1.1" 200 552 "-" "Mozilla/5.0 (compatible; bingbot/2.0; +http://www.bing.com/bingbot.htm)"
207.46.13.96 - - [21/Feb/2012:19:22:04 -0500] "GET /kosher_recipes/poultry/Persian_Chicken.shtml HTTP/1.1" 200 8642 "-" "Mozilla/5.0 (compatible; bingbot/2.0; +http://www.bing.com/bingbot.htm)"
208.115.113.90 - - [21/Feb/2012:19:39:33 -0500] "GET /robots.txt HTTP/1.1" 200 552 "-" "Mozilla/5.0 (compatible; Ezooms/1.0; ezooms.bot@gmail.com)"
180.76.5.110 - - [21/Feb/2012:19:56:59 -0500] "GET /kosher_recipes/soup/Emmas_Cabbage_Soup.shtml HTTP/1.1" 200 8788 "-" "Mozilla/5.0 (compatible; Baiduspider/2.0; +http://www.baidu.com/search/spider.html)"
207.46.204.188 - - [21/Feb/2012:20:31:47 -0500] "GET /robots.txt HTTP/1.1" 200 552 "-" "Mozilla/5.0 (compatible; bingbot/2.0; +http://www.bing.com/bingbot.htm)"
207.46.204.188 - - [21/Feb/2012:20:33:33 -0500] "GET /menus/includes/?C=D;O=A HTTP/1.1" 200 1879 "-" "Mozilla/5.0 (compatible; bingbot/2.0; +http://www.bing.com/bingbot.htm)"
66.249.71.114 - - [21/Feb/2012:20:55:55 -0500] "GET /kosher_recipes/challah/ HTTP/1.1" 200 10829 "-" "Mozilla/5.0 (compatible; Googlebot/2.1; +http://www.google.com/bot.html)"
180.76.5.96 - - [21/Feb/2012:21:26:36 -0500] "GET / HTTP/1.1" 200 10804 "-" "Mozilla/5.0 (compatible; Baiduspider/2.0; +http://www.baidu.com/search/spider.html)"
180.76.5.165 - - [21/Feb/2012:21:27:46 -0500] "GET /kosher_recipes/sides/?C=M;O=A HTTP/1.1" 200 11886 "-" "Mozilla/5.0 (compatible; Baiduspider/2.0; +http://www.baidu.com/search/spider.html)"
208.115.111.74 - - [21/Feb/2012:21:54:14 -0500] "GET /kosher_recipes/fish/Sardines_on_Toast.shtml HTTP/1.1" 200 8979 "-" "Mozilla/5.0 (compatible; Ezooms/1.0; ezooms.bot@gmail.com)"
193.106.136.34 - - [21/Feb/2012:22:28:43 -0500] "GET /kosher_recipes/appetizers/Pitcha.shtml HTTP/1.0" 200 10004 "http://www.artwhite.ru/" "Mozilla/5.0 (compatible; Googlebot/2.1; +http://www.google.com/bot.html)"
193.106.136.34 - - [21/Feb/2012:22:28:44 -0500] "GET /kosher_recipes/appetizers/Pitcha.shtml HTTP/1.0" 200 10004 "http://www.artwhite.ru/" "Mozilla/5.0 (compatible; Googlebot/2.1; +http://www.google.com/bot.html)"
193.106.136.34 - - [21/Feb/2012:22:28:44 -0500] "GET /kosher_recipes/appetizers/Pitcha.shtml HTTP/1.0" 200 10004 "http://www.artwhite.ru/" "Mozilla/5.0 (compatible; Googlebot/2.1; +http://www.google.com/bot.html)"
213.110.133.221 - - [21/Feb/2012:23:03:23 -0500] "GET /kosher_recipes/sides/Tzimmis.shtml HTTP/1.1" 200 9767 "http://www.apricus-studio.ru/" "Mozilla/4.0 (compatible; MSIE 5.0; Windows 95) Opera 6.01 [en]"
213.110.133.221 - - [21/Feb/2012:23:03:24 -0500] "GET /kosher_recipes/sides/Tzimmis.shtml HTTP/1.1" 200 9767 "http://www.apricus-studio.ru/" "Mozilla/4.0 (compatible; MSIE 5.0; Windows 95) Opera 6.01 [en]"
180.76.5.53 - - [21/Feb/2012:23:39:18 -0500] "GET / HTTP/1.1" 200 10804 "-" "Mozilla/5.0 (compatible; Baiduspider/2.0; +http://www.baidu.com/search/spider.html)"
66.249.71.114 - - [22/Feb/2012:00:24:23 -0500] "GET /kosher_recipes/passover/Matzo_Brei.shtml HTTP/1.1" 200 8678 "-" "Mozilla/5.0 (compatible; Googlebot/2.1; +http://www.google.com/bot.html)"
157.55.16.178 - - [22/Feb/2012:00:38:42 -0500] "GET /robots.txt HTTP/1.1" 200 552 "-" "Mozilla/5.0 (compatible; bingbot/2.0; +http://www.bing.com/bingbot.htm)"
199.21.99.73 - - [22/Feb/2012:01:03:48 -0500] "GET /robots.txt HTTP/1.1" 200 552 "-" "Mozilla/5.0 (compatible; YandexBot/3.0; +http://yandex.com/bots)"
208.115.111.74 - - [22/Feb/2012:01:08:55 -0500] "GET /robots.txt HTTP/1.1" 200 552 "-" "Mozilla/5.0 (compatible; Ezooms/1.0; ezooms.bot@gmail.com)"
199.21.99.73 - - [22/Feb/2012:01:26:05 -0500] "GET /robots.txt HTTP/1.1" 200 552 "-" "Mozilla/5.0 (compatible; YandexBot/3.0; +http://yandex.com/bots)"
199.21.99.73 - - [22/Feb/2012:01:26:05 -0500] "GET /kitchen/includes/ HTTP/1.1" 200 1879 "-" "Mozilla/5.0 (compatible; YandexBot/3.0; +http://yandex.com/bots)"
199.21.99.73 - - [22/Feb/2012:01:26:08 -0500] "GET /kosher_recipes/meat/ HTTP/1.1" 200 11274 "-" "Mozilla/5.0 (compatible; YandexBot/3.0; +http://yandex.com/bots)"
199.21.99.73 - - [22/Feb/2012:01:57:02 -0500] "GET /data/ratem3_graph.html HTTP/1.1" 200 1086 "-" "Mozilla/5.0 (compatible; YandexBot/3.0; +http://yandex.com/bots)"
180.76.5.151 - - [22/Feb/2012:02:13:59 -0500] "GET /kosher_recipes/sides/includes/?C=S;O=A HTTP/1.1" 200 1909 "-" "Mozilla/5.0 (compatible; Baiduspider/2.0; +http://www.baidu.com/search/spider.html)"
199.21.99.73 - - [22/Feb/2012:02:27:56 -0500] "GET /kosher_recipes/dessert/ HTTP/1.1" 200 10042 "-" "Mozilla/5.0 (compatible; YandexBot/3.0; +http://yandex.com/bots)"
66.249.71.114 - - [22/Feb/2012:02:43:33 -0500] "GET /robots.txt HTTP/1.1" 200 552 "-" "Mozilla/5.0 (compatible; Googlebot/2.1; +http://www.google.com/bot.html)"
66.249.71.114 - - [22/Feb/2012:02:43:33 -0500] "GET /index.bak.shtml HTTP/1.1" 200 9612 "-" "Mozilla/5.0 (compatible; Googlebot/2.1; +http://www.google.com/bot.html)"
208.80.194.36 - - [22/Feb/2012:02:46:57 -0500] "GET / HTTP/1.0" 200 10804 "-" "Mozilla/4.0 (compatible; MSIE 6.0; Windows NT 5.1; {0B6660AB-643B-4F5D-8ECF-2DA8B9759F4C}; .NET CLR 1.1.4322)"
65.52.110.30 - - [22/Feb/2012:02:52:06 -0500] "GET /robots.txt HTTP/1.1" 200 552 "-" "Mozilla/5.0 (compatible; bingbot/2.0; +http://www.bing.com/bingbot.htm)"
66.249.71.114 - - [22/Feb/2012:02:55:58 -0500] "GET /kosher_recipes/meat/ HTTP/1.1" 200 11274 "-" "Mozilla/5.0 (iPhone; U; CPU iPhone OS 4_1 like Mac OS X; en-us) AppleWebKit/532.9 (KHTML, like Gecko) Version/4.0.5 Mobile/8B117 Safari/6531.22.7 (compatible; Googlebot-Mobile/2.1; +http://www.google.com/bot.html)"
65.52.110.30 - - [22/Feb/2012:02:56:47 -0500] "GET /kosher_recipes/poultry/Roast_Chicken.shtml HTTP/1.1" 200 8828 "-" "Mozilla/5.0 (compatible; bingbot/2.0; +http://www.bing.com/bingbot.htm)"
199.21.99.73 - - [22/Feb/2012:02:58:51 -0500] "GET /data/rate3m189297.txt HTTP/1.1" 200 40 "-" "Mozilla/5.0 (compatible; YandexBot/3.0; +http://yandex.com/bots)"
199.21.99.73 - - [22/Feb/2012:03:17:51 -0500] "GET /kosher_recipes/fish/Gefilte_Fish.shtml HTTP/1.1" 200 10170 "-" "Mozilla/5.0 (compatible; YandexBot/3.0; +http://yandex.com/bots)"
199.21.99.73 - - [22/Feb/2012:03:49:06 -0500] "GET /kosher_recipes/appetizers/Emmas_Duchesses.shtml HTTP/1.1" 200 9476 "-" "Mozilla/5.0 (compatible; YandexBot/3.0; +http://yandex.com/bots)"
88.214.193.166 - - [22/Feb/2012:04:16:25 -0500] "GET / HTTP/1.1" 200 10804 "http://www.semrush.com/uk/info/bubbelottie.com" "Mozilla/5.0 (Danger hiptop 3.4; U; rv:1.7.12) Gecko/20050920"
199.21.99.73 - - [22/Feb/2012:04:20:21 -0500] "GET /kosher_recipes/fish/Imperial_Fish.shtml HTTP/1.1" 200 8857 "-" "Mozilla/5.0 (compatible; YandexBot/3.0; +http://yandex.com/bots)"
65.52.108.12 - - [22/Feb/2012:04:26:23 -0500] "GET /robots.txt HTTP/1.1" 200 552 "-" "Mozilla/5.0 (compatible; bingbot/2.0; +http://www.bing.com/bingbot.htm)"
65.52.108.12 - - [22/Feb/2012:04:27:29 -0500] "GET /kosher_recipes/appetizers/Seafood_Mold.shtml HTTP/1.1" 200 8778 "-" "Mozilla/5.0 (compatible; bingbot/2.0; +http://www.bing.com/bingbot.htm)"
180.76.6.213 - - [22/Feb/2012:04:38:32 -0500] "GET /kosher_recipes/poultry/?C=D;O=A HTTP/1.1" 200 8842 "-" "Mozilla/5.0 (compatible; Baiduspider/2.0; +http://www.baidu.com/search/spider.html)"
208.115.111.74 - - [22/Feb/2012:04:53:21 -0500] "GET /robots.txt HTTP/1.1" 200 552 "-" "Mozilla/5.0 (compatible; Ezooms/1.0; ezooms.bot@gmail.com)"
188.165.248.204 - - [22/Feb/2012:05:06:53 -0500] "GET /robots.txt HTTP/1.0" 200 552 "-" "Mozilla/5.0 (compatible; MJ12bot/v1.4.2; http://www.majestic12.co.uk/bot.php?+)"
188.165.248.204 - - [22/Feb/2012:05:06:55 -0500] "GET / HTTP/1.0" 200 10804 "-" "Mozilla/5.0 (compatible; MJ12bot/v1.4.2; http://www.majestic12.co.uk/bot.php?+)"
208.115.111.74 - - [22/Feb/2012:05:50:52 -0500] "GET /kosher_recipes/sides/Cheese_Noodle_Ring_with_Apples.shtml HTTP/1.1" 200 8772 "-" "Mozilla/5.0 (compatible; Ezooms/1.0; ezooms.bot@gmail.com)"
207.46.13.206 - - [22/Feb/2012:06:42:08 -0500] "GET /robots.txt HTTP/1.1" 200 552 "-" "Mozilla/5.0 (compatible; bingbot/2.0; +http://www.bing.com/bingbot.htm)"
207.46.13.206 - - [22/Feb/2012:06:47:27 -0500] "GET /kosher_recipes/dessert/Carmel-CrunchMatzoDessert.shtml HTTP/1.1" 200 8920 "-" "Mozilla/5.0 (compatible; bingbot/2.0; +http://www.bing.com/bingbot.htm)"
180.76.5.91 - - [22/Feb/2012:07:01:04 -0500] "GET /kosher_recipes/veg/includes/?C=N;O=D HTTP/1.1" 200 1905 "-" "Mozilla/5.0 (compatible; Baiduspider/2.0; +http://www.baidu.com/search/spider.html)"
65.52.108.198 - - [22/Feb/2012:07:28:01 -0500] "GET /robots.txt HTTP/1.1" 200 552 "-" "Mozilla/5.0 (compatible; bingbot/2.0; +http://www.bing.com/bingbot.htm)"
65.52.108.198 - - [22/Feb/2012:07:29:00 -0500] "GET /kosher_recipes/appetizers/includes/ HTTP/1.1" 200 1919 "-" "Mozilla/5.0 (compatible; bingbot/2.0; +http://www.bing.com/bingbot.htm)"
208.115.113.90 - - [22/Feb/2012:08:16:32 -0500] "GET /robots.txt HTTP/1.1" 200 552 "-" "Mozilla/5.0 (compatible; Ezooms/1.0; ezooms.bot@gmail.com)"
208.115.111.74 - - [22/Feb/2012:08:52:16 -0500] "GET /robots.txt HTTP/1.1" 200 552 "-" "Mozilla/5.0 (compatible; Ezooms/1.0; ezooms.bot@gmail.com)"
66.249.71.114 - - [22/Feb/2012:09:40:38 -0500] "GET /kosher_recipes/passover/ HTTP/1.1" 200 10391 "-" "Mozilla/5.0 (iPhone; U; CPU iPhone OS 4_1 like Mac OS X; en-us) AppleWebKit/532.9 (KHTML, like Gecko) Version/4.0.5 Mobile/8B117 Safari/6531.22.7 (compatible; Googlebot-Mobile/2.1; +http://www.google.com/bot.html)"
65.52.104.82 - - [22/Feb/2012:10:26:46 -0500] "GET /robots.txt HTTP/1.1" 200 552 "-" "Mozilla/5.0 (compatible; bingbot/2.0; +http://www.bing.com/bingbot.htm)"
65.52.104.82 - - [22/Feb/2012:10:27:36 -0500] "GET /kosher_recipes/passover/BubbeLotties_Charoses.shtml HTTP/1.1" 200 8578 "-" "Mozilla/5.0 (compatible; bingbot/2.0; +http://www.bing.com/bingbot.htm)"
65.52.108.198 - - [22/Feb/2012:10:45:12 -0500] "GET /robots.txt HTTP/1.1" 200 552 "-" "Mozilla/5.0 (compatible; bingbot/2.0; +http://www.bing.com/bingbot.htm)"
65.52.108.198 - - [22/Feb/2012:10:46:03 -0500] "GET /kosher_recipes/appetizers/Corned_Beef_Biscuits.shtml HTTP/1.1" 200 8441 "-" "Mozilla/5.0 (compatible; bingbot/2.0; +http://www.bing.com/bingbot.htm)"
208.80.194.30 - - [22/Feb/2012:11:11:00 -0500] "GET / HTTP/1.0" 200 10804 "-" "Mozilla/4.0 (compatible; MSIE 6.0; America Online Browser 1.1; rev1.5; Windows NT 5.0)"
123.125.71.56 - - [22/Feb/2012:12:22:23 -0500] "GET /robots.txt HTTP/1.1" 200 552 "-" "Baiduspider+(+http://www.baidu.com/search/spider.htm)"
123.125.71.52 - - [22/Feb/2012:12:24:22 -0500] "GET /robots.txt HTTP/1.1" 200 552 "-" "Baiduspider+(+http://www.baidu.com/search/spider.htm)"
65.52.110.153 - - [22/Feb/2012:12:50:25 -0500] "GET /robots.txt HTTP/1.1" 200 552 "-" "Mozilla/5.0 (compatible; bingbot/2.0; +http://www.bing.com/bingbot.htm)"
65.52.110.153 - - [22/Feb/2012:12:50:58 -0500] "GET /kosher_recipes/fish/Mock_Crab_Cakes.shtml HTTP/1.1" 200 9064 "-" "Mozilla/5.0 (compatible; bingbot/2.0; +http://www.bing.com/bingbot.htm)"
85.168.12.146 - - [22/Feb/2012:13:12:54 -0500] "GET /kosher_recipes/sides/BubbeLotties_Mock_Kishke.shtml HTTP/1.1" 200 9035 "http://www.google.com/url?sa=t&rct=j&q=kishke%20stuffed%20derma&source=web&cd=15&ved=0CEcQFjAEOAo&url=http%3A%2F%2Fwww.bubbelottie.com%2Fkosher_recipes%2Fsides%2FBubbeLotties_Mock_Kishke.shtml&ei=LS5FT-3YKcvz-gbGs4iGAg&usg=AFQjCNGsZejnD6ZbCjMeEhaZuNEiyyojyQ" "Mozilla/5.0 (Macintosh; Intel Mac OS X 10_6_8) AppleWebKit/534.52.7 (KHTML, like Gecko) Version/5.1.2 Safari/534.52.7"
85.168.12.146 - - [22/Feb/2012:13:12:54 -0500] "GET /images/salads.gif HTTP/1.1" 200 2972 "http://www.bubbelottie.com/kosher_recipes/sides/BubbeLotties_Mock_Kishke.shtml" "Mozilla/5.0 (Macintosh; Intel Mac OS X 10_6_8) AppleWebKit/534.52.7 (KHTML, like Gecko) Version/5.1.2 Safari/534.52.7"
85.168.12.146 - - [22/Feb/2012:13:12:54 -0500] "GET /images/soups.gif HTTP/1.1" 200 2863 "http://www.bubbelottie.com/kosher_recipes/sides/BubbeLotties_Mock_Kishke.shtml" "Mozilla/5.0 (Macintosh; Intel Mac OS X 10_6_8) AppleWebKit/534.52.7 (KHTML, like Gecko) Version/5.1.2 Safari/534.52.7"
85.168.12.146 - - [22/Feb/2012:13:12:54 -0500] "GET /images/appetizers.gif HTTP/1.1" 200 3163 "http://www.bubbelottie.com/kosher_recipes/sides/BubbeLotties_Mock_Kishke.shtml" "Mozilla/5.0 (Macintosh; Intel Mac OS X 10_6_8) AppleWebKit/534.52.7 (KHTML, like Gecko) Version/5.1.2 Safari/534.52.7"
85.168.12.146 - - [22/Feb/2012:13:12:54 -0500] "GET /bsd.gif HTTP/1.1" 200 132 "http://www.bubbelottie.com/kosher_recipes/sides/BubbeLotties_Mock_Kishke.shtml" "Mozilla/5.0 (Macintosh; Intel Mac OS X 10_6_8) AppleWebKit/534.52.7 (KHTML, like Gecko) Version/5.1.2 Safari/534.52.7"
85.168.12.146 - - [22/Feb/2012:13:12:54 -0500] "GET /images/recipes.gif HTTP/1.1" 200 3190 "http://www.bubbelottie.com/kosher_recipes/sides/BubbeLotties_Mock_Kishke.shtml" "Mozilla/5.0 (Macintosh; Intel Mac OS X 10_6_8) AppleWebKit/534.52.7 (KHTML, like Gecko) Version/5.1.2 Safari/534.52.7"
85.168.12.146 - - [22/Feb/2012:13:12:54 -0500] "GET /pics/BubbeLottie1.jpg HTTP/1.1" 200 4064 "http://www.bubbelottie.com/kosher_recipes/sides/BubbeLotties_Mock_Kishke.shtml" "Mozilla/5.0 (Macintosh; Intel Mac OS X 10_6_8) AppleWebKit/534.52.7 (KHTML, like Gecko) Version/5.1.2 Safari/534.52.7"
85.168.12.146 - - [22/Feb/2012:13:12:54 -0500] "GET /images/fish.gif HTTP/1.1" 200 2893 "http://www.bubbelottie.com/kosher_recipes/sides/BubbeLotties_Mock_Kishke.shtml" "Mozilla/5.0 (Macintosh; Intel Mac OS X 10_6_8) AppleWebKit/534.52.7 (KHTML, like Gecko) Version/5.1.2 Safari/534.52.7"
85.168.12.146 - - [22/Feb/2012:13:12:54 -0500] "GET /images/poultry.gif HTTP/1.1" 200 2999 "http://www.bubbelottie.com/kosher_recipes/sides/BubbeLotties_Mock_Kishke.shtml" "Mozilla/5.0 (Macintosh; Intel Mac OS X 10_6_8) AppleWebKit/534.52.7 (KHTML, like Gecko) Version/5.1.2 Safari/534.52.7"
85.168.12.146 - - [22/Feb/2012:13:12:54 -0500] "GET /images/meat.gif HTTP/1.1" 200 2833 "http://www.bubbelottie.com/kosher_recipes/sides/BubbeLotties_Mock_Kishke.shtml" "Mozilla/5.0 (Macintosh; Intel Mac OS X 10_6_8) AppleWebKit/534.52.7 (KHTML, like Gecko) Version/5.1.2 Safari/534.52.7"
85.168.12.146 - - [22/Feb/2012:13:12:54 -0500] "GET /images/veg.gif HTTP/1.1" 200 3479 "http://www.bubbelottie.com/kosher_recipes/sides/BubbeLotties_Mock_Kishke.shtml" "Mozilla/5.0 (Macintosh; Intel Mac OS X 10_6_8) AppleWebKit/534.52.7 (KHTML, like Gecko) Version/5.1.2 Safari/534.52.7"
85.168.12.146 - - [22/Feb/2012:13:12:54 -0500] "GET /images/sides.gif HTTP/1.1" 200 3188 "http://www.bubbelottie.com/kosher_recipes/sides/BubbeLotties_Mock_Kishke.shtml" "Mozilla/5.0 (Macintosh; Intel Mac OS X 10_6_8) AppleWebKit/534.52.7 (KHTML, like Gecko) Version/5.1.2 Safari/534.52.7"
85.168.12.146 - - [22/Feb/2012:13:12:54 -0500] "GET /images/dessert.gif HTTP/1.1" 200 2994 "http://www.bubbelottie.com/kosher_recipes/sides/BubbeLotties_Mock_Kishke.shtml" "Mozilla/5.0 (Macintosh; Intel Mac OS X 10_6_8) AppleWebKit/534.52.7 (KHTML, like Gecko) Version/5.1.2 Safari/534.52.7"
85.168.12.146 - - [22/Feb/2012:13:12:54 -0500] "GET /images/challah.gif HTTP/1.1" 200 2963 "http://www.bubbelottie.com/kosher_recipes/sides/BubbeLotties_Mock_Kishke.shtml" "Mozilla/5.0 (Macintosh; Intel Mac OS X 10_6_8) AppleWebKit/534.52.7 (KHTML, like Gecko) Version/5.1.2 Safari/534.52.7"
85.168.12.146 - - [22/Feb/2012:13:12:54 -0500] "GET /images/passover.gif HTTP/1.1" 200 3010 "http://www.bubbelottie.com/kosher_recipes/sides/BubbeLotties_Mock_Kishke.shtml" "Mozilla/5.0 (Macintosh; Intel Mac OS X 10_6_8) AppleWebKit/534.52.7 (KHTML, like Gecko) Version/5.1.2 Safari/534.52.7"
85.168.12.146 - - [22/Feb/2012:13:12:54 -0500] "GET /images/menus.gif HTTP/1.1" 200 3272 "http://www.bubbelottie.com/kosher_recipes/sides/BubbeLotties_Mock_Kishke.shtml" "Mozilla/5.0 (Macintosh; Intel Mac OS X 10_6_8) AppleWebKit/534.52.7 (KHTML, like Gecko) Version/5.1.2 Safari/534.52.7"
85.168.12.146 - - [22/Feb/2012:13:12:54 -0500] "GET /images/stories.gif HTTP/1.1" 200 3266 "http://www.bubbelottie.com/kosher_recipes/sides/BubbeLotties_Mock_Kishke.shtml" "Mozilla/5.0 (Macintosh; Intel Mac OS X 10_6_8) AppleWebKit/534.52.7 (KHTML, like Gecko) Version/5.1.2 Safari/534.52.7"
85.168.12.146 - - [22/Feb/2012:13:12:54 -0500] "GET /images/yourrecipes.gif HTTP/1.1" 200 3419 "http://www.bubbelottie.com/kosher_recipes/sides/BubbeLotties_Mock_Kishke.shtml" "Mozilla/5.0 (Macintosh; Intel Mac OS X 10_6_8) AppleWebKit/534.52.7 (KHTML, like Gecko) Version/5.1.2 Safari/534.52.7"
85.168.12.146 - - [22/Feb/2012:13:12:54 -0500] "GET /images/wyb.gif HTTP/1.1" 200 3588 "http://www.bubbelottie.com/kosher_recipes/sides/BubbeLotties_Mock_Kishke.shtml" "Mozilla/5.0 (Macintosh; Intel Mac OS X 10_6_8) AppleWebKit/534.52.7 (KHTML, like Gecko) Version/5.1.2 Safari/534.52.7"
85.168.12.146 - - [22/Feb/2012:13:12:54 -0500] "GET /images/home.gif HTTP/1.1" 200 3069 "http://www.bubbelottie.com/kosher_recipes/sides/BubbeLotties_Mock_Kishke.shtml" "Mozilla/5.0 (Macintosh; Intel Mac OS X 10_6_8) AppleWebKit/534.52.7 (KHTML, like Gecko) Version/5.1.2 Safari/534.52.7"
85.168.12.146 - - [22/Feb/2012:13:12:54 -0500] "GET /images/envelope.gif HTTP/1.1" 200 14893 "http://www.bubbelottie.com/kosher_recipes/sides/BubbeLotties_Mock_Kishke.shtml" "Mozilla/5.0 (Macintosh; Intel Mac OS X 10_6_8) AppleWebKit/534.52.7 (KHTML, like Gecko) Version/5.1.2 Safari/534.52.7"
85.168.12.146 - - [22/Feb/2012:13:12:55 -0500] "GET /favicon.ico HTTP/1.1" 200 3638 "http://www.bubbelottie.com/kosher_recipes/sides/BubbeLotties_Mock_Kishke.shtml" "Mozilla/5.0 (Macintosh; Intel Mac OS X 10_6_8) AppleWebKit/534.52.7 (KHTML, like Gecko) Version/5.1.2 Safari/534.52.7"
85.168.12.146 - - [22/Feb/2012:13:13:55 -0500] "GET /kosher_recipes/sides/ HTTP/1.1" 200 11886 "http://www.bubbelottie.com/kosher_recipes/sides/BubbeLotties_Mock_Kishke.shtml" "Mozilla/5.0 (Macintosh; Intel Mac OS X 10_6_8) AppleWebKit/534.52.7 (KHTML, like Gecko) Version/5.1.2 Safari/534.52.7"
85.168.12.146 - - [22/Feb/2012:13:13:55 -0500] "GET /images/sides.jpg HTTP/1.1" 200 6137 "http://www.BubbeLottie.com/kosher_recipes/sides/" "Mozilla/5.0 (Macintosh; Intel Mac OS X 10_6_8) AppleWebKit/534.52.7 (KHTML, like Gecko) Version/5.1.2 Safari/534.52.7"
