1.202.218.8 - - [19/Feb/2012:00:06:00 -0500] "GET / HTTP/1.0" 200 10804 "-" "\"Mozilla/5.0"
123.125.71.99 - - [19/Feb/2012:00:20:22 -0500] "GET / HTTP/1.1" 200 10804 "-" "Mozilla/5.0 (compatible; Baiduspider/2.0; +http://www.baidu.com/search/spider.html)"
220.181.108.178 - - [19/Feb/2012:00:20:27 -0500] "GET / HTTP/1.1" 200 10804 "-" "Mozilla/5.0 (compatible; Baiduspider/2.0; +http://www.baidu.com/search/spider.html)"
157.55.17.195 - - [19/Feb/2012:00:52:14 -0500] "GET /robots.txt HTTP/1.1" 200 552 "-" "Mozilla/5.0 (compatible; bingbot/2.0; +http://www.bing.com/bingbot.htm)"
208.115.113.90 - - [19/Feb/2012:00:54:48 -0500] "GET /kosher_recipes/sides/Cheese_Noodles.shtml HTTP/1.1" 200 8381 "-" "Mozilla/5.0 (compatible; Ezooms/1.0; ezooms.bot@gmail.com)"
208.115.113.90 - - [19/Feb/2012:00:54:51 -0500] "GET /kosher_recipes/passover/Cheese_Cake.shtml HTTP/1.1" 200 9406 "-" "Mozilla/5.0 (compatible; Ezooms/1.0; ezooms.bot@gmail.com)"
157.55.17.195 - - [19/Feb/2012:00:55:04 -0500] "GET /kosher_recipes/soup/Emmas_Cabbage_Soup.shtml HTTP/1.1" 200 8788 "-" "Mozilla/5.0 (compatible; bingbot/2.0; +http://www.bing.com/bingbot.htm)"
180.76.5.189 - - [19/Feb/2012:01:38:37 -0500] "GET /kosher_recipes/poultry/includes/?C=D;O=A HTTP/1.1" 200 1913 "-" "Mozilla/5.0 (compatible; Baiduspider/2.0; +http://www.baidu.com/search/spider.html)"
199.21.99.111 - - [19/Feb/2012:01:46:45 -0500] "GET /your_recipes/ HTTP/1.1" 200 9094 "-" "Mozilla/5.0 (compatible; YandexBot/3.0; +http://yandex.com/bots)"
1.202.218.8 - - [19/Feb/2012:01:54:14 -0500] "GET / HTTP/1.0" 200 10804 "-" "\"Mozilla/5.0"
213.186.127.4 - - [19/Feb/2012:02:03:40 -0500] "GET /kosher_recipes/sides/Tzimmis.shtml HTTP/1.1" 200 9767 "-" "Mozilla/5.0 (compatible; AhrefsBot/2.0; +http://ahrefs.com/robot/)"
109.120.157.179 - - [19/Feb/2012:02:58:09 -0500] "GET /kosher_recipes/sides/Tzimmis.shtml HTTP/1.1" 200 9767 "http://smart-fusion.ru/news.php?readmore=1" "Mozilla/4.0 (compatible; MSIE 6.0; Windows NT 5.1; KKman2.0)"
109.120.157.179 - - [19/Feb/2012:02:58:10 -0500] "GET /kosher_recipes/sides/Tzimmis.shtml HTTP/1.1" 200 9767 "http://smart-fusion.ru/news.php?readmore=1" "Mozilla/4.0 (compatible; MSIE 6.0; Windows NT 5.1; KKman2.0)"
109.120.157.179 - - [19/Feb/2012:02:58:11 -0500] "GET /kosher_recipes/sides/Tzimmis.shtml HTTP/1.1" 200 9767 "http://smart-fusion.ru/news.php?readmore=1" "Mozilla/4.0 (compatible; MSIE 6.0; Windows NT 5.1; KKman2.0)"
96.2.82.137 - - [19/Feb/2012:03:01:19 -0500] "GET /robots.txt HTTP/1.0" 200 552 "-" "Mozilla/5.0 (compatible; MJ12bot/v1.4.2; http://www.majestic12.co.uk/bot.php?+)"
96.2.82.137 - - [19/Feb/2012:03:01:21 -0500] "GET / HTTP/1.1" 200 10804 "-" "Mozilla/5.0 (compatible; MJ12bot/v1.4.2; http://www.majestic12.co.uk/bot.php?+)"
96.2.82.137 - - [19/Feb/2012:03:01:24 -0500] "GET /robots.txt HTTP/1.0" 200 552 "-" "Mozilla/5.0 (compatible; MJ12bot/v1.4.2; http://www.majestic12.co.uk/bot.php?+)"
96.2.82.137 - - [19/Feb/2012:03:01:26 -0500] "GET / HTTP/1.1" 200 10804 "-" "Mozilla/5.0 (compatible; MJ12bot/v1.4.2; http://www.majestic12.co.uk/bot.php?+)"
180.76.5.53 - - [19/Feb/2012:03:11:04 -0500] "GET /kosher_recipes/fish/includes/head.htm HTTP/1.1" 200 5370 "-" "Mozilla/5.0 (compatible; Baiduspider/2.0; +http://www.baidu.com/search/spider.html)"
1.202.218.8 - - [19/Feb/2012:03:28:36 -0500] "GET / HTTP/1.0" 200 10804 "-" "\"Mozilla/5.0"
208.115.113.90 - - [19/Feb/2012:03:38:19 -0500] "GET /robots.txt HTTP/1.1" 200 552 "-" "Mozilla/5.0 (compatible; Ezooms/1.0; ezooms.bot@gmail.com)"
180.76.5.183 - - [19/Feb/2012:04:38:05 -0500] "GET /kosher_recipes/fish/includes/head.html HTTP/1.1" 200 5370 "-" "Mozilla/5.0 (compatible; Baiduspider/2.0; +http://www.baidu.com/search/spider.html)"
65.52.108.25 - - [19/Feb/2012:04:43:33 -0500] "GET /robots.txt HTTP/1.1" 200 552 "-" "Mozilla/5.0 (compatible; bingbot/2.0; +http://www.bing.com/bingbot.htm)"
1.202.218.8 - - [19/Feb/2012:05:04:28 -0500] "GET / HTTP/1.0" 200 10804 "-" "\"Mozilla/5.0"
65.52.109.194 - - [19/Feb/2012:05:53:43 -0500] "GET /robots.txt HTTP/1.1" 200 552 "-" "Mozilla/5.0 (compatible; bingbot/2.0; +http://www.bing.com/bingbot.htm)"
65.52.109.194 - - [19/Feb/2012:05:54:43 -0500] "GET /kitchen/ HTTP/1.1" 200 8593 "-" "Mozilla/5.0 (compatible; bingbot/2.0; +http://www.bing.com/bingbot.htm)"
62.128.194.74 - - [19/Feb/2012:06:01:34 -0500] "GET / HTTP/1.0" 200 10804 "-" "Mozilla/5.0 (compatible; MJ12bot/v1.4.2; http://www.majestic12.co.uk/bot.php?+)"
69.28.58.13 - - [19/Feb/2012:06:04:32 -0500] "GET / HTTP/1.0" 200 10804 "http://www.bubbelottie.com/" "HuaweiSymantecSpider/1.0+DSE-support@huaweisymantec.com+(compatible; MSIE 7.0; Windows NT 5.1; Trident/4.0; .NET CLR 2.0.50727; .NET CLR 3.0.4506.2152; .NET CLR ; http://www.huaweisymantec.com/en/IRL/spider)"
180.76.5.145 - - [19/Feb/2012:06:10:15 -0500] "GET /kitchen/?C=S;O=A HTTP/1.1" 200 8593 "-" "Mozilla/5.0 (compatible; Baiduspider/2.0; +http://www.baidu.com/search/spider.html)"
65.52.109.147 - - [19/Feb/2012:06:16:40 -0500] "GET /robots.txt HTTP/1.1" 200 552 "-" "Mozilla/5.0 (compatible; bingbot/2.0; +http://www.bing.com/bingbot.htm)"
65.52.109.147 - - [19/Feb/2012:06:19:25 -0500] "GET /kosher_recipes/fish/Emmas_Fried_Flounder.shtml HTTP/1.1" 200 8969 "-" "Mozilla/5.0 (compatible; bingbot/2.0; +http://www.bing.com/bingbot.htm)"
1.202.218.8 - - [19/Feb/2012:06:34:24 -0500] "GET / HTTP/1.0" 200 10804 "-" "\"Mozilla/5.0"
180.76.5.170 - - [19/Feb/2012:07:39:31 -0500] "GET /kosher_recipes/fish/includes/header.html HTTP/1.1" 200 531 "-" "Mozilla/5.0 (compatible; Baiduspider/2.0; +http://www.baidu.com/search/spider.html)"
199.21.99.111 - - [19/Feb/2012:08:06:09 -0500] "GET /?C=N;O=D HTTP/1.1" 200 10804 "-" "Mozilla/5.0 (compatible; YandexBot/3.0; +http://yandex.com/bots)"
208.115.113.90 - - [19/Feb/2012:08:23:00 -0500] "GET /robots.txt HTTP/1.1" 200 552 "-" "Mozilla/5.0 (compatible; Ezooms/1.0; ezooms.bot@gmail.com)"
1.202.218.8 - - [19/Feb/2012:08:42:20 -0500] "GET / HTTP/1.0" 200 10804 "-" "\"Mozilla/5.0"
180.76.5.167 - - [19/Feb/2012:09:17:13 -0500] "GET /kosher_recipes/poultry/?C=M;O=A HTTP/1.1" 200 8842 "-" "Mozilla/5.0 (compatible; Baiduspider/2.0; +http://www.baidu.com/search/spider.html)"
208.115.111.74 - - [19/Feb/2012:09:21:10 -0500] "GET /kosher_recipes/fish/Mock_Lobster.shtml HTTP/1.1" 200 8802 "-" "Mozilla/5.0 (compatible; Ezooms/1.0; ezooms.bot@gmail.com)"
208.115.111.74 - - [19/Feb/2012:09:21:12 -0500] "GET /kosher_recipes/passover/template.shtml HTTP/1.1" 200 8201 "-" "Mozilla/5.0 (compatible; Ezooms/1.0; ezooms.bot@gmail.com)"
208.115.111.74 - - [19/Feb/2012:09:21:15 -0500] "GET /kosher_recipes/sides/Apple-Strawberry_Snow.shtml HTTP/1.1" 200 8986 "-" "Mozilla/5.0 (compatible; Ezooms/1.0; ezooms.bot@gmail.com)"
208.115.111.74 - - [19/Feb/2012:09:21:17 -0500] "GET /kitchen/Lester.shtml HTTP/1.1" 200 10589 "-" "Mozilla/5.0 (compatible; Ezooms/1.0; ezooms.bot@gmail.com)"
86.167.87.230 - - [19/Feb/2012:09:21:48 -0500] "GET / HTTP/1.1" 200 10804 "http://www.haruth.com/foods.htm" "Mozilla/5.0 (compatible; MSIE 9.0; Windows NT 6.1; WOW64; Trident/5.0)"
86.167.87.230 - - [19/Feb/2012:09:21:48 -0500] "GET /bsd.gif HTTP/1.1" 200 132 "http://www.bubbelottie.com/" "Mozilla/5.0 (compatible; MSIE 9.0; Windows NT 6.1; WOW64; Trident/5.0)"
86.167.87.230 - - [19/Feb/2012:09:21:48 -0500] "GET /pics/BubbeLottie1.jpg HTTP/1.1" 200 4064 "http://www.bubbelottie.com/" "Mozilla/5.0 (compatible; MSIE 9.0; Windows NT 6.1; WOW64; Trident/5.0)"
86.167.87.230 - - [19/Feb/2012:09:21:48 -0500] "GET /images/soups.gif HTTP/1.1" 200 2863 "http://www.bubbelottie.com/" "Mozilla/5.0 (compatible; MSIE 9.0; Windows NT 6.1; WOW64; Trident/5.0)"
86.167.87.230 - - [19/Feb/2012:09:21:48 -0500] "GET /images/recipes.gif HTTP/1.1" 200 3190 "http://www.bubbelottie.com/" "Mozilla/5.0 (compatible; MSIE 9.0; Windows NT 6.1; WOW64; Trident/5.0)"
86.167.87.230 - - [19/Feb/2012:09:21:48 -0500] "GET /images/appetizers.gif HTTP/1.1" 200 3163 "http://www.bubbelottie.com/" "Mozilla/5.0 (compatible; MSIE 9.0; Windows NT 6.1; WOW64; Trident/5.0)"
86.167.87.230 - - [19/Feb/2012:09:21:48 -0500] "GET /images/salads.gif HTTP/1.1" 200 2972 "http://www.bubbelottie.com/" "Mozilla/5.0 (compatible; MSIE 9.0; Windows NT 6.1; WOW64; Trident/5.0)"
86.167.87.230 - - [19/Feb/2012:09:21:48 -0500] "GET /images/fish.gif HTTP/1.1" 200 2893 "http://www.bubbelottie.com/" "Mozilla/5.0 (compatible; MSIE 9.0; Windows NT 6.1; WOW64; Trident/5.0)"
86.167.87.230 - - [19/Feb/2012:09:21:48 -0500] "GET /images/poultry.gif HTTP/1.1" 200 2999 "http://www.bubbelottie.com/" "Mozilla/5.0 (compatible; MSIE 9.0; Windows NT 6.1; WOW64; Trident/5.0)"
86.167.87.230 - - [19/Feb/2012:09:21:48 -0500] "GET /images/meat.gif HTTP/1.1" 200 2833 "http://www.bubbelottie.com/" "Mozilla/5.0 (compatible; MSIE 9.0; Windows NT 6.1; WOW64; Trident/5.0)"
86.167.87.230 - - [19/Feb/2012:09:21:48 -0500] "GET /images/veg.gif HTTP/1.1" 200 3479 "http://www.bubbelottie.com/" "Mozilla/5.0 (compatible; MSIE 9.0; Windows NT 6.1; WOW64; Trident/5.0)"
86.167.87.230 - - [19/Feb/2012:09:21:48 -0500] "GET /images/sides.gif HTTP/1.1" 200 3188 "http://www.bubbelottie.com/" "Mozilla/5.0 (compatible; MSIE 9.0; Windows NT 6.1; WOW64; Trident/5.0)"
86.167.87.230 - - [19/Feb/2012:09:21:48 -0500] "GET /images/dessert.gif HTTP/1.1" 200 2994 "http://www.bubbelottie.com/" "Mozilla/5.0 (compatible; MSIE 9.0; Windows NT 6.1; WOW64; Trident/5.0)"
86.167.87.230 - - [19/Feb/2012:09:21:48 -0500] "GET /images/challah.gif HTTP/1.1" 200 2963 "http://www.bubbelottie.com/" "Mozilla/5.0 (compatible; MSIE 9.0; Windows NT 6.1; WOW64; Trident/5.0)"
86.167.87.230 - - [19/Feb/2012:09:21:48 -0500] "GET /images/passover.gif HTTP/1.1" 200 3010 "http://www.bubbelottie.com/" "Mozilla/5.0 (compatible; MSIE 9.0; Windows NT 6.1; WOW64; Trident/5.0)"
86.167.87.230 - - [19/Feb/2012:09:21:48 -0500] "GET /images/menus.gif HTTP/1.1" 200 3272 "http://www.bubbelottie.com/" "Mozilla/5.0 (compatible; MSIE 9.0; Windows NT 6.1; WOW64; Trident/5.0)"
86.167.87.230 - - [19/Feb/2012:09:21:49 -0500] "GET /images/stories.gif HTTP/1.1" 200 3266 "http://www.bubbelottie.com/" "Mozilla/5.0 (compatible; MSIE 9.0; Windows NT 6.1; WOW64; Trident/5.0)"
86.167.87.230 - - [19/Feb/2012:09:21:49 -0500] "GET /images/yourrecipes.gif HTTP/1.1" 200 3419 "http://www.bubbelottie.com/" "Mozilla/5.0 (compatible; MSIE 9.0; Windows NT 6.1; WOW64; Trident/5.0)"
86.167.87.230 - - [19/Feb/2012:09:21:49 -0500] "GET /images/home.gif HTTP/1.1" 200 3069 "http://www.bubbelottie.com/" "Mozilla/5.0 (compatible; MSIE 9.0; Windows NT 6.1; WOW64; Trident/5.0)"
86.167.87.230 - - [19/Feb/2012:09:21:49 -0500] "GET /images/wyb.gif HTTP/1.1" 200 3588 "http://www.bubbelottie.com/" "Mozilla/5.0 (compatible; MSIE 9.0; Windows NT 6.1; WOW64; Trident/5.0)"
86.167.87.230 - - [19/Feb/2012:09:21:49 -0500] "GET /images/bllogo1.gif HTTP/1.1" 200 12662 "http://www.bubbelottie.com/" "Mozilla/5.0 (compatible; MSIE 9.0; Windows NT 6.1; WOW64; Trident/5.0)"
86.167.87.230 - - [19/Feb/2012:09:21:49 -0500] "GET /pics/LottieLester2b.jpg HTTP/1.1" 200 17016 "http://www.bubbelottie.com/" "Mozilla/5.0 (compatible; MSIE 9.0; Windows NT 6.1; WOW64; Trident/5.0)"
86.167.87.230 - - [19/Feb/2012:09:21:49 -0500] "GET /images/envelope.gif HTTP/1.1" 200 14893 "http://www.bubbelottie.com/" "Mozilla/5.0 (compatible; MSIE 9.0; Windows NT 6.1; WOW64; Trident/5.0)"
86.167.87.230 - - [19/Feb/2012:09:22:32 -0500] "GET /kosher_recipes/appetizers/ HTTP/1.1" 200 9334 "http://www.bubbelottie.com/" "Mozilla/5.0 (compatible; MSIE 9.0; Windows NT 6.1; WOW64; Trident/5.0)"
86.167.87.230 - - [19/Feb/2012:09:22:32 -0500] "GET /images/appetizers.jpg HTTP/1.1" 200 5832 "http://www.bubbelottie.com/kosher_recipes/appetizers/" "Mozilla/5.0 (compatible; MSIE 9.0; Windows NT 6.1; WOW64; Trident/5.0)"
86.167.87.230 - - [19/Feb/2012:09:22:44 -0500] "GET /kosher_recipes/dessert/ HTTP/1.1" 200 10042 "http://www.bubbelottie.com/kosher_recipes/appetizers/" "Mozilla/5.0 (compatible; MSIE 9.0; Windows NT 6.1; WOW64; Trident/5.0)"
86.167.87.230 - - [19/Feb/2012:09:22:45 -0500] "GET /images/dessert.jpg HTTP/1.1" 200 4279 "http://www.bubbelottie.com/kosher_recipes/dessert/" "Mozilla/5.0 (compatible; MSIE 9.0; Windows NT 6.1; WOW64; Trident/5.0)"
86.167.87.230 - - [19/Feb/2012:09:22:52 -0500] "GET /kosher_recipes/dessert/CoffeeCheesecake.shtml HTTP/1.1" 200 9177 "http://www.bubbelottie.com/kosher_recipes/dessert/" "Mozilla/5.0 (compatible; MSIE 9.0; Windows NT 6.1; WOW64; Trident/5.0)"
180.76.6.35 - - [19/Feb/2012:09:23:00 -0500] "GET /kosher_recipes/poultry/includes/header.html HTTP/1.1" 200 531 "-" "Mozilla/5.0 (compatible; Baiduspider/2.0; +http://www.baidu.com/search/spider.html)"
86.167.87.230 - - [19/Feb/2012:09:23:36 -0500] "GET /kosher_recipes/dessert/WalnutHoneyCake.shtml HTTP/1.1" 200 9619 "http://www.bubbelottie.com/kosher_recipes/dessert/" "Mozilla/5.0 (compatible; MSIE 9.0; Windows NT 6.1; WOW64; Trident/5.0)"
208.115.113.90 - - [19/Feb/2012:09:36:07 -0500] "GET /kosher_recipes/dessert/?C=M;O=A HTTP/1.1" 200 10042 "-" "Mozilla/5.0 (compatible; Ezooms/1.0; ezooms.bot@gmail.com)"
173.242.125.196 - - [19/Feb/2012:09:52:27 -0500] "GET /robots.txt HTTP/1.0" 200 552 "-" "Mozilla/5.0 (compatible; MJ12bot/v1.4.2; http://www.majestic12.co.uk/bot.php?+)"
173.242.125.196 - - [19/Feb/2012:09:52:28 -0500] "GET / HTTP/1.0" 200 10804 "-" "Mozilla/5.0 (compatible; MJ12bot/v1.4.2; http://www.majestic12.co.uk/bot.php?+)"
1.202.218.8 - - [19/Feb/2012:10:32:49 -0500] "GET / HTTP/1.0" 200 10804 "-" "\"Mozilla/5.0"
123.125.71.104 - - [19/Feb/2012:10:34:42 -0500] "GET / HTTP/1.1" 200 10804 "-" "Mozilla/5.0 (compatible; Baiduspider/2.0; +http://www.baidu.com/search/spider.html)"
220.181.108.187 - - [19/Feb/2012:10:35:22 -0500] "GET / HTTP/1.1" 200 10804 "-" "Mozilla/5.0 (compatible; Baiduspider/2.0; +http://www.baidu.com/search/spider.html)"
180.76.6.231 - - [19/Feb/2012:10:36:15 -0500] "GET /kosher_recipes/poultry/includes/head.htm.oldgoogle HTTP/1.1" 200 5833 "-" "Mozilla/5.0 (compatible; Baiduspider/2.0; +http://www.baidu.com/search/spider.html)"
68.196.222.252 - - [19/Feb/2012:10:57:16 -0500] "GET / HTTP/1.1" 200 10804 "http://www.haruth.com/foods.htm" "Mozilla/5.0 (compatible; MSIE 9.0; AOL 9.6; AOLBuild 4340.5004; Windows NT 6.1; WOW64; Trident/5.0)"
68.196.222.252 - - [19/Feb/2012:10:57:16 -0500] "GET /images/recipes.gif HTTP/1.1" 200 3190 "http://www.bubbelottie.com/" "Mozilla/5.0 (compatible; MSIE 9.0; AOL 9.6; AOLBuild 4340.5004; Windows NT 6.1; WOW64; Trident/5.0)"
68.196.222.252 - - [19/Feb/2012:10:57:16 -0500] "GET /bsd.gif HTTP/1.1" 200 132 "http://www.bubbelottie.com/" "Mozilla/5.0 (compatible; MSIE 9.0; AOL 9.6; AOLBuild 4340.5004; Windows NT 6.1; WOW64; Trident/5.0)"
68.196.222.252 - - [19/Feb/2012:10:57:16 -0500] "GET /pics/BubbeLottie1.jpg HTTP/1.1" 200 4064 "http://www.bubbelottie.com/" "Mozilla/5.0 (compatible; MSIE 9.0; AOL 9.6; AOLBuild 4340.5004; Windows NT 6.1; WOW64; Trident/5.0)"
68.196.222.252 - - [19/Feb/2012:10:57:16 -0500] "GET /images/soups.gif HTTP/1.1" 200 2863 "http://www.bubbelottie.com/" "Mozilla/5.0 (compatible; MSIE 9.0; AOL 9.6; AOLBuild 4340.5004; Windows NT 6.1; WOW64; Trident/5.0)"
68.196.222.252 - - [19/Feb/2012:10:57:16 -0500] "GET /images/appetizers.gif HTTP/1.1" 200 3163 "http://www.bubbelottie.com/" "Mozilla/5.0 (compatible; MSIE 9.0; AOL 9.6; AOLBuild 4340.5004; Windows NT 6.1; WOW64; Trident/5.0)"
68.196.222.252 - - [19/Feb/2012:10:57:16 -0500] "GET /images/salads.gif HTTP/1.1" 200 2972 "http://www.bubbelottie.com/" "Mozilla/5.0 (compatible; MSIE 9.0; AOL 9.6; AOLBuild 4340.5004; Windows NT 6.1; WOW64; Trident/5.0)"
68.196.222.252 - - [19/Feb/2012:10:57:16 -0500] "GET /images/fish.gif HTTP/1.1" 200 2893 "http://www.bubbelottie.com/" "Mozilla/5.0 (compatible; MSIE 9.0; AOL 9.6; AOLBuild 4340.5004; Windows NT 6.1; WOW64; Trident/5.0)"
68.196.222.252 - - [19/Feb/2012:10:57:16 -0500] "GET /images/poultry.gif HTTP/1.1" 200 2999 "http://www.bubbelottie.com/" "Mozilla/5.0 (compatible; MSIE 9.0; AOL 9.6; AOLBuild 4340.5004; Windows NT 6.1; WOW64; Trident/5.0)"
68.196.222.252 - - [19/Feb/2012:10:57:16 -0500] "GET /images/meat.gif HTTP/1.1" 200 2833 "http://www.bubbelottie.com/" "Mozilla/5.0 (compatible; MSIE 9.0; AOL 9.6; AOLBuild 4340.5004; Windows NT 6.1; WOW64; Trident/5.0)"
68.196.222.252 - - [19/Feb/2012:10:57:16 -0500] "GET /images/veg.gif HTTP/1.1" 200 3479 "http://www.bubbelottie.com/" "Mozilla/5.0 (compatible; MSIE 9.0; AOL 9.6; AOLBuild 4340.5004; Windows NT 6.1; WOW64; Trident/5.0)"
68.196.222.252 - - [19/Feb/2012:10:57:16 -0500] "GET /images/sides.gif HTTP/1.1" 200 3188 "http://www.bubbelottie.com/" "Mozilla/5.0 (compatible; MSIE 9.0; AOL 9.6; AOLBuild 4340.5004; Windows NT 6.1; WOW64; Trident/5.0)"
68.196.222.252 - - [19/Feb/2012:10:57:16 -0500] "GET /images/dessert.gif HTTP/1.1" 200 2994 "http://www.bubbelottie.com/" "Mozilla/5.0 (compatible; MSIE 9.0; AOL 9.6; AOLBuild 4340.5004; Windows NT 6.1; WOW64; Trident/5.0)"
68.196.222.252 - - [19/Feb/2012:10:57:16 -0500] "GET /images/challah.gif HTTP/1.1" 200 2963 "http://www.bubbelottie.com/" "Mozilla/5.0 (compatible; MSIE 9.0; AOL 9.6; AOLBuild 4340.5004; Windows NT 6.1; WOW64; Trident/5.0)"
68.196.222.252 - - [19/Feb/2012:10:57:16 -0500] "GET /images/passover.gif HTTP/1.1" 200 3010 "http://www.bubbelottie.com/" "Mozilla/5.0 (compatible; MSIE 9.0; AOL 9.6; AOLBuild 4340.5004; Windows NT 6.1; WOW64; Trident/5.0)"
68.196.222.252 - - [19/Feb/2012:10:57:16 -0500] "GET /images/menus.gif HTTP/1.1" 200 3272 "http://www.bubbelottie.com/" "Mozilla/5.0 (compatible; MSIE 9.0; AOL 9.6; AOLBuild 4340.5004; Windows NT 6.1; WOW64; Trident/5.0)"
68.196.222.252 - - [19/Feb/2012:10:57:16 -0500] "GET /images/stories.gif HTTP/1.1" 200 3266 "http://www.bubbelottie.com/" "Mozilla/5.0 (compatible; MSIE 9.0; AOL 9.6; AOLBuild 4340.5004; Windows NT 6.1; WOW64; Trident/5.0)"
68.196.222.252 - - [19/Feb/2012:10:57:16 -0500] "GET /images/wyb.gif HTTP/1.1" 200 3588 "http://www.bubbelottie.com/" "Mozilla/5.0 (compatible; MSIE 9.0; AOL 9.6; AOLBuild 4340.5004; Windows NT 6.1; WOW64; Trident/5.0)"
68.196.222.252 - - [19/Feb/2012:10:57:16 -0500] "GET /images/home.gif HTTP/1.1" 200 3069 "http://www.bubbelottie.com/" "Mozilla/5.0 (compatible; MSIE 9.0; AOL 9.6; AOLBuild 4340.5004; Windows NT 6.1; WOW64; Trident/5.0)"
68.196.222.252 - - [19/Feb/2012:10:57:16 -0500] "GET /images/bllogo1.gif HTTP/1.1" 200 12662 "http://www.bubbelottie.com/" "Mozilla/5.0 (compatible; MSIE 9.0; AOL 9.6; AOLBuild 4340.5004; Windows NT 6.1; WOW64; Trident/5.0)"
68.196.222.252 - - [19/Feb/2012:10:57:16 -0500] "GET /pics/LottieLester2b.jpg HTTP/1.1" 200 17016 "http://www.bubbelottie.com/" "Mozilla/5.0 (compatible; MSIE 9.0; AOL 9.6; AOLBuild 4340.5004; Windows NT 6.1; WOW64; Trident/5.0)"
68.196.222.252 - - [19/Feb/2012:10:57:16 -0500] "GET /images/bllogo1.gif HTTP/1.1" 200 12662 "http://www.bubbelottie.com/" "Mozilla/5.0 (compatible; MSIE 9.0; AOL 9.6; AOLBuild 4340.5004; Windows NT 6.1; WOW64; Trident/5.0)"
68.196.222.252 - - [19/Feb/2012:10:57:16 -0500] "GET /images/yourrecipes.gif HTTP/1.1" 200 3419 "http://www.bubbelottie.com/" "Mozilla/5.0 (compatible; MSIE 9.0; AOL 9.6; AOLBuild 4340.5004; Windows NT 6.1; WOW64; Trident/5.0)"
68.196.222.252 - - [19/Feb/2012:10:57:16 -0500] "GET /images/envelope.gif HTTP/1.1" 200 14893 "http://www.bubbelottie.com/" "Mozilla/5.0 (compatible; MSIE 9.0; AOL 9.6; AOLBuild 4340.5004; Windows NT 6.1; WOW64; Trident/5.0)"
68.196.222.252 - - [19/Feb/2012:10:57:17 -0500] "GET /favicon.ico HTTP/1.1" 200 3638 "-" "Mozilla/5.0 (compatible; MSIE 9.0; AOL 9.6; AOLBuild 4340.5004; Windows NT 6.1; WOW64; Trident/5.0)"
68.196.222.252 - - [19/Feb/2012:10:57:21 -0500] "GET /kosher_recipes/meat/ HTTP/1.1" 200 11274 "http://www.bubbelottie.com/" "Mozilla/5.0 (compatible; MSIE 9.0; AOL 9.6; AOLBuild 4340.5004; Windows NT 6.1; WOW64; Trident/5.0)"
68.196.222.252 - - [19/Feb/2012:10:57:21 -0500] "GET /images/meat.jpg HTTP/1.1" 200 3389 "http://www.bubbelottie.com/kosher_recipes/meat/" "Mozilla/5.0 (compatible; MSIE 9.0; AOL 9.6; AOLBuild 4340.5004; Windows NT 6.1; WOW64; Trident/5.0)"
68.196.222.252 - - [19/Feb/2012:10:57:50 -0500] "GET /kosher_recipes/meat/Bubbes_Stuffed_Veal_Breast.shtml HTTP/1.1" 200 8740 "http://www.google.com/custom?domains=www.bubbelottie.com&q=stuffed+veal&sitesearch=www.bubbelottie.com&client=pub-4573075889440436&forid=1&ie=ISO-8859-1&oe=ISO-8859-1&safe=active&cof=GALT%3A%230066CC%3BGL%3A1%3BDIV%3A%23999999%3BVLC%3A336633%3BAH%3Acenter%3BBGC%3AFFFFFF%3BLBGC%3AFF9900%3BALC%3A0066CC%3BLC%3A0066CC%3BT%3A000000%3BGFNT%3A666666%3BGIMP%3A666666%3BFORID%3A1&hl=en" "Mozilla/5.0 (compatible; MSIE 9.0; AOL 9.6; AOLBuild 4340.5004; Windows NT 6.1; WOW64; Trident/5.0)"
65.52.109.147 - - [19/Feb/2012:11:12:24 -0500] "GET /robots.txt HTTP/1.1" 200 552 "-" "Mozilla/5.0 (compatible; bingbot/2.0; +http://www.bing.com/bingbot.htm)"
65.52.109.147 - - [19/Feb/2012:11:14:16 -0500] "GET /kosher_recipes/sides/Knaidel.shtml HTTP/1.1" 200 8426 "-" "Mozilla/5.0 (compatible; bingbot/2.0; +http://www.bing.com/bingbot.htm)"
180.76.5.155 - - [19/Feb/2012:11:56:18 -0500] "GET /kosher_recipes/poultry/includes/foot.html HTTP/1.1" 200 1970 "-" "Mozilla/5.0 (compatible; Baiduspider/2.0; +http://www.baidu.com/search/spider.html)"
1.202.218.8 - - [19/Feb/2012:12:08:29 -0500] "GET / HTTP/1.0" 200 10804 "-" "\"Mozilla/5.0"
213.186.127.4 - - [19/Feb/2012:12:48:10 -0500] "GET /kosher_recipes/salad/Carrot_and_Raisin_Salad.shtml HTTP/1.1" 200 8533 "-" "Mozilla/5.0 (compatible; AhrefsBot/2.0; +http://ahrefs.com/robot/)"
207.46.13.118 - - [19/Feb/2012:12:55:06 -0500] "GET /robots.txt HTTP/1.1" 200 552 "-" "Mozilla/5.0 (compatible; bingbot/2.0; +http://www.bing.com/bingbot.htm)"
207.46.13.118 - - [19/Feb/2012:12:55:42 -0500] "GET /kosher_recipes/passover/Chocolate_Cream_Roll.shtml HTTP/1.1" 200 8949 "-" "Mozilla/5.0 (compatible; bingbot/2.0; +http://www.bing.com/bingbot.htm)"
213.186.127.4 - - [19/Feb/2012:12:58:41 -0500] "GET /menus/ HTTP/1.1" 200 11175 "-" "Mozilla/5.0 (compatible; AhrefsBot/2.0; +http://ahrefs.com/robot/)"
180.76.5.181 - - [19/Feb/2012:13:17:52 -0500] "GET /kosher_recipes/dessert/WalnutHoneyCake.shtml HTTP/1.1" 200 9619 "-" "Mozilla/5.0 (compatible; Baiduspider/2.0; +http://www.baidu.com/search/spider.html)"
208.115.113.90 - - [19/Feb/2012:13:21:48 -0500] "GET /your_recipes/ HTTP/1.1" 200 9094 "-" "Mozilla/5.0 (compatible; Ezooms/1.0; ezooms.bot@gmail.com)"
208.115.113.90 - - [19/Feb/2012:13:21:51 -0500] "GET /kosher_recipes/passover/Apple_Pudding.shtml HTTP/1.1" 200 8832 "-" "Mozilla/5.0 (compatible; Ezooms/1.0; ezooms.bot@gmail.com)"
208.115.113.90 - - [19/Feb/2012:13:21:53 -0500] "GET /kosher_recipes/meat/Fruited_Pot_Roast.shtml HTTP/1.1" 200 9332 "-" "Mozilla/5.0 (compatible; Ezooms/1.0; ezooms.bot@gmail.com)"
1.202.218.8 - - [19/Feb/2012:13:48:59 -0500] "GET / HTTP/1.0" 200 10804 "-" "\"Mozilla/5.0"
207.46.13.98 - - [19/Feb/2012:14:15:45 -0500] "GET /robots.txt HTTP/1.1" 200 552 "-" "Mozilla/5.0 (compatible; bingbot/2.0; +http://www.bing.com/bingbot.htm)"
207.46.13.98 - - [19/Feb/2012:14:16:37 -0500] "GET /kosher_recipes/sides/Poppy_Seed_Noodles.shtml HTTP/1.1" 200 8453 "-" "Mozilla/5.0 (compatible; bingbot/2.0; +http://www.bing.com/bingbot.htm)"
180.76.5.94 - - [19/Feb/2012:14:35:02 -0500] "GET /kosher_recipes/poultry/?C=N;O=A HTTP/1.1" 200 8842 "-" "Mozilla/5.0 (compatible; Baiduspider/2.0; +http://www.baidu.com/search/spider.html)"
1.202.218.8 - - [19/Feb/2012:15:16:09 -0500] "GET / HTTP/1.0" 200 10804 "-" "\"Mozilla/5.0"
180.76.5.98 - - [19/Feb/2012:15:51:52 -0500] "GET /kosher_recipes/poultry/includes/header.html HTTP/1.1" 200 531 "-" "Mozilla/5.0 (compatible; Baiduspider/2.0; +http://www.baidu.com/search/spider.html)"
123.125.71.59 - - [19/Feb/2012:16:06:11 -0500] "GET /robots.txt HTTP/1.1" 200 552 "-" "Baiduspider+(+http://www.baidu.com/search/spider.htm)"
65.52.108.25 - - [19/Feb/2012:16:13:52 -0500] "GET /robots.txt HTTP/1.1" 200 552 "-" "Mozilla/5.0 (compatible; bingbot/2.0; +http://www.bing.com/bingbot.htm)"
65.52.108.25 - - [19/Feb/2012:16:14:50 -0500] "GET /kosher_recipes/sides/Bubbe_Lotties_Corn_Fritters.shtml HTTP/1.1" 200 8526 "-" "Mozilla/5.0 (compatible; bingbot/2.0; +http://www.bing.com/bingbot.htm)"
123.125.71.42 - - [19/Feb/2012:16:16:03 -0500] "GET /robots.txt HTTP/1.1" 200 552 "-" "Baiduspider+(+http://www.baidu.com/search/spider.htm)"
65.52.108.25 - - [19/Feb/2012:16:25:13 -0500] "GET /kosher_recipes/sides/Spinach_Pancakes.shtml HTTP/1.1" 200 8573 "-" "Mozilla/5.0 (compatible; bingbot/2.0; +http://www.bing.com/bingbot.htm)"
1.202.218.8 - - [19/Feb/2012:16:43:13 -0500] "GET / HTTP/1.0" 200 10804 "-" "\"Mozilla/5.0"
213.110.133.221 - - [19/Feb/2012:17:20:00 -0500] "GET /kosher_recipes/sides/Tzimmis.shtml HTTP/1.1" 200 9767 "http://www.apricus-studio.ru/" "Mozilla/4.0 (compatible; MSIE 5.0; Windows 95) Opera 6.01 [en]"
213.110.133.221 - - [19/Feb/2012:17:20:01 -0500] "GET /kosher_recipes/sides/Tzimmis.shtml HTTP/1.1" 200 9767 "http://www.apricus-studio.ru/" "Mozilla/4.0 (compatible; MSIE 5.0; Windows 95) Opera 6.01 [en]"
208.115.111.74 - - [19/Feb/2012:17:25:03 -0500] "GET /kosher_recipes/meat/Emmas_Amazing_Stuffed_Cabbbage.shtml HTTP/1.1" 200 9568 "-" "Mozilla/5.0 (compatible; Ezooms/1.0; ezooms.bot@gmail.com)"
95.166.145.129 - - [19/Feb/2012:18:03:27 -0500] "GET /kosher_recipes/dessert/TheWorldsBestAppleCakeForSure.shtml HTTP/1.1" 200 9065 "http://www.google.dk/search?hl=da&client=safari&q=worlds+best+apple+cake&oq=worlds+best+apple+cake&aq=f&aqi=g-sL1g-jL1&aql=&gs_sm=3&gs_upl=18912l31796l0l32322l26l25l2l0l0l0l413l4982l0.9.10.2.1l22l0&mvs=0" "Mozilla/5.0 (iPod; CPU iPhone OS 5_0_1 like Mac OS X) AppleWebKit/534.46 (KHTML, like Gecko) Version/5.1 Mobile/9A405 Safari/7534.48.3"
95.166.145.129 - - [19/Feb/2012:18:03:28 -0500] "GET /images/salads.gif HTTP/1.1" 200 2972 "http://www.bubbelottie.com/kosher_recipes/dessert/TheWorldsBestAppleCakeForSure.shtml" "Mozilla/5.0 (iPod; CPU iPhone OS 5_0_1 like Mac OS X) AppleWebKit/534.46 (KHTML, like Gecko) Version/5.1 Mobile/9A405 Safari/7534.48.3"
95.166.145.129 - - [19/Feb/2012:18:03:28 -0500] "GET /images/fish.gif HTTP/1.1" 200 2893 "http://www.bubbelottie.com/kosher_recipes/dessert/TheWorldsBestAppleCakeForSure.shtml" "Mozilla/5.0 (iPod; CPU iPhone OS 5_0_1 like Mac OS X) AppleWebKit/534.46 (KHTML, like Gecko) Version/5.1 Mobile/9A405 Safari/7534.48.3"
95.166.145.129 - - [19/Feb/2012:18:03:28 -0500] "GET /images/poultry.gif HTTP/1.1" 200 2999 "http://www.bubbelottie.com/kosher_recipes/dessert/TheWorldsBestAppleCakeForSure.shtml" "Mozilla/5.0 (iPod; CPU iPhone OS 5_0_1 like Mac OS X) AppleWebKit/534.46 (KHTML, like Gecko) Version/5.1 Mobile/9A405 Safari/7534.48.3"
95.166.145.129 - - [19/Feb/2012:18:03:28 -0500] "GET /images/recipes.gif HTTP/1.1" 200 3190 "http://www.bubbelottie.com/kosher_recipes/dessert/TheWorldsBestAppleCakeForSure.shtml" "Mozilla/5.0 (iPod; CPU iPhone OS 5_0_1 like Mac OS X) AppleWebKit/534.46 (KHTML, like Gecko) Version/5.1 Mobile/9A405 Safari/7534.48.3"
95.166.145.129 - - [19/Feb/2012:18:03:28 -0500] "GET /images/veg.gif HTTP/1.1" 200 3479 "http://www.bubbelottie.com/kosher_recipes/dessert/TheWorldsBestAppleCakeForSure.shtml" "Mozilla/5.0 (iPod; CPU iPhone OS 5_0_1 like Mac OS X) AppleWebKit/534.46 (KHTML, like Gecko) Version/5.1 Mobile/9A405 Safari/7534.48.3"
95.166.145.129 - - [19/Feb/2012:18:03:28 -0500] "GET /images/sides.gif HTTP/1.1" 200 3188 "http://www.bubbelottie.com/kosher_recipes/dessert/TheWorldsBestAppleCakeForSure.shtml" "Mozilla/5.0 (iPod; CPU iPhone OS 5_0_1 like Mac OS X) AppleWebKit/534.46 (KHTML, like Gecko) Version/5.1 Mobile/9A405 Safari/7534.48.3"
95.166.145.129 - - [19/Feb/2012:18:03:28 -0500] "GET /images/appetizers.gif HTTP/1.1" 200 3163 "http://www.bubbelottie.com/kosher_recipes/dessert/TheWorldsBestAppleCakeForSure.shtml" "Mozilla/5.0 (iPod; CPU iPhone OS 5_0_1 like Mac OS X) AppleWebKit/534.46 (KHTML, like Gecko) Version/5.1 Mobile/9A405 Safari/7534.48.3"
95.166.145.129 - - [19/Feb/2012:18:03:28 -0500] "GET /bsd.gif HTTP/1.1" 200 132 "http://www.bubbelottie.com/kosher_recipes/dessert/TheWorldsBestAppleCakeForSure.shtml" "Mozilla/5.0 (iPod; CPU iPhone OS 5_0_1 like Mac OS X) AppleWebKit/534.46 (KHTML, like Gecko) Version/5.1 Mobile/9A405 Safari/7534.48.3"
95.166.145.129 - - [19/Feb/2012:18:03:28 -0500] "GET /images/meat.gif HTTP/1.1" 200 2833 "http://www.bubbelottie.com/kosher_recipes/dessert/TheWorldsBestAppleCakeForSure.shtml" "Mozilla/5.0 (iPod; CPU iPhone OS 5_0_1 like Mac OS X) AppleWebKit/534.46 (KHTML, like Gecko) Version/5.1 Mobile/9A405 Safari/7534.48.3"
95.166.145.129 - - [19/Feb/2012:18:03:28 -0500] "GET /images/dessert.gif HTTP/1.1" 200 2994 "http://www.bubbelottie.com/kosher_recipes/dessert/TheWorldsBestAppleCakeForSure.shtml" "Mozilla/5.0 (iPod; CPU iPhone OS 5_0_1 like Mac OS X) AppleWebKit/534.46 (KHTML, like Gecko) Version/5.1 Mobile/9A405 Safari/7534.48.3"
95.166.145.129 - - [19/Feb/2012:18:03:28 -0500] "GET /images/challah.gif HTTP/1.1" 200 2963 "http://www.bubbelottie.com/kosher_recipes/dessert/TheWorldsBestAppleCakeForSure.shtml" "Mozilla/5.0 (iPod; CPU iPhone OS 5_0_1 like Mac OS X) AppleWebKit/534.46 (KHTML, like Gecko) Version/5.1 Mobile/9A405 Safari/7534.48.3"
95.166.145.129 - - [19/Feb/2012:18:03:28 -0500] "GET /pics/BubbeLottie1.jpg HTTP/1.1" 200 4064 "http://www.bubbelottie.com/kosher_recipes/dessert/TheWorldsBestAppleCakeForSure.shtml" "Mozilla/5.0 (iPod; CPU iPhone OS 5_0_1 like Mac OS X) AppleWebKit/534.46 (KHTML, like Gecko) Version/5.1 Mobile/9A405 Safari/7534.48.3"
95.166.145.129 - - [19/Feb/2012:18:03:28 -0500] "GET /images/passover.gif HTTP/1.1" 200 3010 "http://www.bubbelottie.com/kosher_recipes/dessert/TheWorldsBestAppleCakeForSure.shtml" "Mozilla/5.0 (iPod; CPU iPhone OS 5_0_1 like Mac OS X) AppleWebKit/534.46 (KHTML, like Gecko) Version/5.1 Mobile/9A405 Safari/7534.48.3"
95.166.145.129 - - [19/Feb/2012:18:03:28 -0500] "GET /images/soups.gif HTTP/1.1" 200 2863 "http://www.bubbelottie.com/kosher_recipes/dessert/TheWorldsBestAppleCakeForSure.shtml" "Mozilla/5.0 (iPod; CPU iPhone OS 5_0_1 like Mac OS X) AppleWebKit/534.46 (KHTML, like Gecko) Version/5.1 Mobile/9A405 Safari/7534.48.3"
95.166.145.129 - - [19/Feb/2012:18:03:28 -0500] "GET /images/menus.gif HTTP/1.1" 200 3272 "http://www.bubbelottie.com/kosher_recipes/dessert/TheWorldsBestAppleCakeForSure.shtml" "Mozilla/5.0 (iPod; CPU iPhone OS 5_0_1 like Mac OS X) AppleWebKit/534.46 (KHTML, like Gecko) Version/5.1 Mobile/9A405 Safari/7534.48.3"
95.166.145.129 - - [19/Feb/2012:18:03:28 -0500] "GET /images/stories.gif HTTP/1.1" 200 3266 "http://www.bubbelottie.com/kosher_recipes/dessert/TheWorldsBestAppleCakeForSure.shtml" "Mozilla/5.0 (iPod; CPU iPhone OS 5_0_1 like Mac OS X) AppleWebKit/534.46 (KHTML, like Gecko) Version/5.1 Mobile/9A405 Safari/7534.48.3"
95.166.145.129 - - [19/Feb/2012:18:03:28 -0500] "GET /images/yourrecipes.gif HTTP/1.1" 200 3419 "http://www.bubbelottie.com/kosher_recipes/dessert/TheWorldsBestAppleCakeForSure.shtml" "Mozilla/5.0 (iPod; CPU iPhone OS 5_0_1 like Mac OS X) AppleWebKit/534.46 (KHTML, like Gecko) Version/5.1 Mobile/9A405 Safari/7534.48.3"
95.166.145.129 - - [19/Feb/2012:18:03:28 -0500] "GET /images/wyb.gif HTTP/1.1" 200 3588 "http://www.bubbelottie.com/kosher_recipes/dessert/TheWorldsBestAppleCakeForSure.shtml" "Mozilla/5.0 (iPod; CPU iPhone OS 5_0_1 like Mac OS X) AppleWebKit/534.46 (KHTML, like Gecko) Version/5.1 Mobile/9A405 Safari/7534.48.3"
95.166.145.129 - - [19/Feb/2012:18:03:28 -0500] "GET /images/home.gif HTTP/1.1" 200 3069 "http://www.bubbelottie.com/kosher_recipes/dessert/TheWorldsBestAppleCakeForSure.shtml" "Mozilla/5.0 (iPod; CPU iPhone OS 5_0_1 like Mac OS X) AppleWebKit/534.46 (KHTML, like Gecko) Version/5.1 Mobile/9A405 Safari/7534.48.3"
95.166.145.129 - - [19/Feb/2012:18:03:28 -0500] "GET /images/envelope.gif HTTP/1.1" 200 14893 "http://www.bubbelottie.com/kosher_recipes/dessert/TheWorldsBestAppleCakeForSure.shtml" "Mozilla/5.0 (iPod; CPU iPhone OS 5_0_1 like Mac OS X) AppleWebKit/534.46 (KHTML, like Gecko) Version/5.1 Mobile/9A405 Safari/7534.48.3"
1.202.218.8 - - [19/Feb/2012:18:13:31 -0500] "GET / HTTP/1.0" 200 10804 "-" "\"Mozilla/5.0"
213.186.127.4 - - [19/Feb/2012:18:25:39 -0500] "GET /kosher_recipes/poultry/Roast_Chicken.shtml HTTP/1.1" 200 8828 "-" "Mozilla/5.0 (compatible; AhrefsBot/2.0; +http://ahrefs.com/robot/)"
180.76.5.179 - - [19/Feb/2012:18:31:25 -0500] "GET /kosher_recipes/fish/includes/kosherlamp HTTP/1.1" 200 268 "-" "Mozilla/5.0 (compatible; Baiduspider/2.0; +http://www.baidu.com/search/spider.html)"
199.21.99.111 - - [19/Feb/2012:18:43:46 -0500] "GET /robots.txt HTTP/1.1" 200 552 "-" "Mozilla/5.0 (compatible; YandexBot/3.0; +http://yandex.com/bots)"
1.202.218.8 - - [19/Feb/2012:19:48:14 -0500] "GET / HTTP/1.0" 200 10804 "-" "\"Mozilla/5.0"
180.76.5.191 - - [19/Feb/2012:19:51:19 -0500] "GET /kosher_recipes/passover/Beet_Preserves.shtml HTTP/1.1" 200 8890 "-" "Mozilla/5.0 (compatible; Baiduspider/2.0; +http://www.baidu.com/search/spider.html)"
199.21.99.111 - - [19/Feb/2012:21:36:29 -0500] "GET /your_recipes/template.shtml HTTP/1.1" 200 8129 "-" "Mozilla/5.0 (compatible; YandexBot/3.0; +http://yandex.com/bots)"
1.202.218.8 - - [19/Feb/2012:21:40:18 -0500] "GET / HTTP/1.0" 200 10804 "-" "\"Mozilla/5.0"
123.126.68.26 - - [19/Feb/2012:21:45:10 -0500] "GET / HTTP/1.1" 200 10804 "-" "Sogou web spider/4.0(+http://www.sogou.com/docs/help/webmasters.htm#07)"
180.76.6.36 - - [19/Feb/2012:21:55:08 -0500] "GET / HTTP/1.1" 200 10804 "-" "Mozilla/5.0 (compatible; Baiduspider/2.0; +http://www.baidu.com/search/spider.html)"
180.76.5.190 - - [19/Feb/2012:22:00:57 -0500] "GET /kosher_recipes/poultry/includes/head.htm HTTP/1.1" 200 5370 "-" "Mozilla/5.0 (compatible; Baiduspider/2.0; +http://www.baidu.com/search/spider.html)"
208.115.113.90 - - [19/Feb/2012:22:09:25 -0500] "GET /kosher_recipes/sides/BubbeLotties_Mock_Kishke.shtml HTTP/1.1" 200 9035 "-" "Mozilla/5.0 (compatible; Ezooms/1.0; ezooms.bot@gmail.com)"
67.173.28.223 - - [19/Feb/2012:23:07:08 -0500] "GET /kitchen/Bubbe.shtml HTTP/1.1" 200 10020 "-" "Mozilla/5.0 (iPhone; CPU iPhone OS 5_0_1 like Mac OS X) AppleWebKit/534.46 (KHTML, like Gecko) Version/5.1 Mobile/9A405 Safari/7534.48.3"
67.173.28.223 - - [19/Feb/2012:23:07:08 -0500] "GET /images/salads.gif HTTP/1.1" 200 2972 "http://www.bubbelottie.com/kitchen/Bubbe.shtml" "Mozilla/5.0 (iPhone; CPU iPhone OS 5_0_1 like Mac OS X) AppleWebKit/534.46 (KHTML, like Gecko) Version/5.1 Mobile/9A405 Safari/7534.48.3"
67.173.28.223 - - [19/Feb/2012:23:07:08 -0500] "GET /images/fish.gif HTTP/1.1" 200 2893 "http://www.bubbelottie.com/kitchen/Bubbe.shtml" "Mozilla/5.0 (iPhone; CPU iPhone OS 5_0_1 like Mac OS X) AppleWebKit/534.46 (KHTML, like Gecko) Version/5.1 Mobile/9A405 Safari/7534.48.3"
67.173.28.223 - - [19/Feb/2012:23:07:08 -0500] "GET /images/poultry.gif HTTP/1.1" 200 2999 "http://www.bubbelottie.com/kitchen/Bubbe.shtml" "Mozilla/5.0 (iPhone; CPU iPhone OS 5_0_1 like Mac OS X) AppleWebKit/534.46 (KHTML, like Gecko) Version/5.1 Mobile/9A405 Safari/7534.48.3"
67.173.28.223 - - [19/Feb/2012:23:07:08 -0500] "GET /images/appetizers.gif HTTP/1.1" 200 3163 "http://www.bubbelottie.com/kitchen/Bubbe.shtml" "Mozilla/5.0 (iPhone; CPU iPhone OS 5_0_1 like Mac OS X) AppleWebKit/534.46 (KHTML, like Gecko) Version/5.1 Mobile/9A405 Safari/7534.48.3"
67.173.28.223 - - [19/Feb/2012:23:07:08 -0500] "GET /images/veg.gif HTTP/1.1" 200 3479 "http://www.bubbelottie.com/kitchen/Bubbe.shtml" "Mozilla/5.0 (iPhone; CPU iPhone OS 5_0_1 like Mac OS X) AppleWebKit/534.46 (KHTML, like Gecko) Version/5.1 Mobile/9A405 Safari/7534.48.3"
67.173.28.223 - - [19/Feb/2012:23:07:08 -0500] "GET /images/soups.gif HTTP/1.1" 200 2863 "http://www.bubbelottie.com/kitchen/Bubbe.shtml" "Mozilla/5.0 (iPhone; CPU iPhone OS 5_0_1 like Mac OS X) AppleWebKit/534.46 (KHTML, like Gecko) Version/5.1 Mobile/9A405 Safari/7534.48.3"
67.173.28.223 - - [19/Feb/2012:23:07:08 -0500] "GET /images/sides.gif HTTP/1.1" 200 3188 "http://www.bubbelottie.com/kitchen/Bubbe.shtml" "Mozilla/5.0 (iPhone; CPU iPhone OS 5_0_1 like Mac OS X) AppleWebKit/534.46 (KHTML, like Gecko) Version/5.1 Mobile/9A405 Safari/7534.48.3"
67.173.28.223 - - [19/Feb/2012:23:07:08 -0500] "GET /images/meat.gif HTTP/1.1" 200 2833 "http://www.bubbelottie.com/kitchen/Bubbe.shtml" "Mozilla/5.0 (iPhone; CPU iPhone OS 5_0_1 like Mac OS X) AppleWebKit/534.46 (KHTML, like Gecko) Version/5.1 Mobile/9A405 Safari/7534.48.3"
67.173.28.223 - - [19/Feb/2012:23:07:08 -0500] "GET /images/dessert.gif HTTP/1.1" 200 2994 "http://www.bubbelottie.com/kitchen/Bubbe.shtml" "Mozilla/5.0 (iPhone; CPU iPhone OS 5_0_1 like Mac OS X) AppleWebKit/534.46 (KHTML, like Gecko) Version/5.1 Mobile/9A405 Safari/7534.48.3"
67.173.28.223 - - [19/Feb/2012:23:07:08 -0500] "GET /bsd.gif HTTP/1.1" 200 132 "http://www.bubbelottie.com/kitchen/Bubbe.shtml" "Mozilla/5.0 (iPhone; CPU iPhone OS 5_0_1 like Mac OS X) AppleWebKit/534.46 (KHTML, like Gecko) Version/5.1 Mobile/9A405 Safari/7534.48.3"
67.173.28.223 - - [19/Feb/2012:23:07:08 -0500] "GET /images/challah.gif HTTP/1.1" 200 2963 "http://www.bubbelottie.com/kitchen/Bubbe.shtml" "Mozilla/5.0 (iPhone; CPU iPhone OS 5_0_1 like Mac OS X) AppleWebKit/534.46 (KHTML, like Gecko) Version/5.1 Mobile/9A405 Safari/7534.48.3"
67.173.28.223 - - [19/Feb/2012:23:07:08 -0500] "GET /images/passover.gif HTTP/1.1" 200 3010 "http://www.bubbelottie.com/kitchen/Bubbe.shtml" "Mozilla/5.0 (iPhone; CPU iPhone OS 5_0_1 like Mac OS X) AppleWebKit/534.46 (KHTML, like Gecko) Version/5.1 Mobile/9A405 Safari/7534.48.3"
67.173.28.223 - - [19/Feb/2012:23:07:08 -0500] "GET /images/menus.gif HTTP/1.1" 200 3272 "http://www.bubbelottie.com/kitchen/Bubbe.shtml" "Mozilla/5.0 (iPhone; CPU iPhone OS 5_0_1 like Mac OS X) AppleWebKit/534.46 (KHTML, like Gecko) Version/5.1 Mobile/9A405 Safari/7534.48.3"
67.173.28.223 - - [19/Feb/2012:23:07:08 -0500] "GET /images/stories.gif HTTP/1.1" 200 3266 "http://www.bubbelottie.com/kitchen/Bubbe.shtml" "Mozilla/5.0 (iPhone; CPU iPhone OS 5_0_1 like Mac OS X) AppleWebKit/534.46 (KHTML, like Gecko) Version/5.1 Mobile/9A405 Safari/7534.48.3"
67.173.28.223 - - [19/Feb/2012:23:07:08 -0500] "GET /images/yourrecipes.gif HTTP/1.1" 200 3419 "http://www.bubbelottie.com/kitchen/Bubbe.shtml" "Mozilla/5.0 (iPhone; CPU iPhone OS 5_0_1 like Mac OS X) AppleWebKit/534.46 (KHTML, like Gecko) Version/5.1 Mobile/9A405 Safari/7534.48.3"
67.173.28.223 - - [19/Feb/2012:23:07:08 -0500] "GET /pics/BubbeLottie1.jpg HTTP/1.1" 200 4064 "http://www.bubbelottie.com/kitchen/Bubbe.shtml" "Mozilla/5.0 (iPhone; CPU iPhone OS 5_0_1 like Mac OS X) AppleWebKit/534.46 (KHTML, like Gecko) Version/5.1 Mobile/9A405 Safari/7534.48.3"
67.173.28.223 - - [19/Feb/2012:23:07:09 -0500] "GET /images/home.gif HTTP/1.1" 200 3069 "http://www.bubbelottie.com/kitchen/Bubbe.shtml" "Mozilla/5.0 (iPhone; CPU iPhone OS 5_0_1 like Mac OS X) AppleWebKit/534.46 (KHTML, like Gecko) Version/5.1 Mobile/9A405 Safari/7534.48.3"
67.173.28.223 - - [19/Feb/2012:23:07:08 -0500] "GET /images/wyb.gif HTTP/1.1" 200 3588 "http://www.bubbelottie.com/kitchen/Bubbe.shtml" "Mozilla/5.0 (iPhone; CPU iPhone OS 5_0_1 like Mac OS X) AppleWebKit/534.46 (KHTML, like Gecko) Version/5.1 Mobile/9A405 Safari/7534.48.3"
67.173.28.223 - - [19/Feb/2012:23:07:09 -0500] "GET /images/recipes.gif HTTP/1.1" 200 3190 "http://www.bubbelottie.com/kitchen/Bubbe.shtml" "Mozilla/5.0 (iPhone; CPU iPhone OS 5_0_1 like Mac OS X) AppleWebKit/534.46 (KHTML, like Gecko) Version/5.1 Mobile/9A405 Safari/7534.48.3"
67.173.28.223 - - [19/Feb/2012:23:07:20 -0500] "GET /kosher_recipes/soup/ HTTP/1.1" 200 9044 "http://www.bubbelottie.com/kitchen/Bubbe.shtml" "Mozilla/5.0 (iPhone; CPU iPhone OS 5_0_1 like Mac OS X) AppleWebKit/534.46 (KHTML, like Gecko) Version/5.1 Mobile/9A405 Safari/7534.48.3"
67.173.28.223 - - [19/Feb/2012:23:07:21 -0500] "GET /images/soups.jpg HTTP/1.1" 200 3430 "http://www.BubbeLottie.com/kosher_recipes/soup/" "Mozilla/5.0 (iPhone; CPU iPhone OS 5_0_1 like Mac OS X) AppleWebKit/534.46 (KHTML, like Gecko) Version/5.1 Mobile/9A405 Safari/7534.48.3"
67.173.28.223 - - [19/Feb/2012:23:07:21 -0500] "GET /images/envelope.gif HTTP/1.1" 200 14893 "http://www.BubbeLottie.com/kosher_recipes/soup/" "Mozilla/5.0 (iPhone; CPU iPhone OS 5_0_1 like Mac OS X) AppleWebKit/534.46 (KHTML, like Gecko) Version/5.1 Mobile/9A405 Safari/7534.48.3"
67.173.28.223 - - [19/Feb/2012:23:07:33 -0500] "GET /kosher_recipes/soup/Corn_Chowder.shtml HTTP/1.1" 200 8074 "http://www.BubbeLottie.com/kosher_recipes/soup/" "Mozilla/5.0 (iPhone; CPU iPhone OS 5_0_1 like Mac OS X) AppleWebKit/534.46 (KHTML, like Gecko) Version/5.1 Mobile/9A405 Safari/7534.48.3"
67.173.28.223 - - [19/Feb/2012:23:07:57 -0500] "GET /kosher_recipes/soup/ HTTP/1.1" 200 9044 "http://www.BubbeLottie.com/kosher_recipes/soup/Corn_Chowder.shtml" "Mozilla/5.0 (iPhone; CPU iPhone OS 5_0_1 like Mac OS X) AppleWebKit/534.46 (KHTML, like Gecko) Version/5.1 Mobile/9A405 Safari/7534.48.3"
67.173.28.223 - - [19/Feb/2012:23:08:01 -0500] "GET /kosher_recipes/soup/Emmas_Potato_Soup.shtml HTTP/1.1" 200 8462 "http://www.BubbeLottie.com/kosher_recipes/soup/" "Mozilla/5.0 (iPhone; CPU iPhone OS 5_0_1 like Mac OS X) AppleWebKit/534.46 (KHTML, like Gecko) Version/5.1 Mobile/9A405 Safari/7534.48.3"
67.173.28.223 - - [19/Feb/2012:23:08:02 -0500] "GET /pics/Emma.jpg HTTP/1.1" 200 17247 "http://www.BubbeLottie.com/kosher_recipes/soup/Emmas_Potato_Soup.shtml" "Mozilla/5.0 (iPhone; CPU iPhone OS 5_0_1 like Mac OS X) AppleWebKit/534.46 (KHTML, like Gecko) Version/5.1 Mobile/9A405 Safari/7534.48.3"
67.173.28.223 - - [19/Feb/2012:23:08:22 -0500] "GET /kosher_recipes/veg/ HTTP/1.1" 200 10784 "http://www.BubbeLottie.com/kosher_recipes/soup/Emmas_Potato_Soup.shtml" "Mozilla/5.0 (iPhone; CPU iPhone OS 5_0_1 like Mac OS X) AppleWebKit/534.46 (KHTML, like Gecko) Version/5.1 Mobile/9A405 Safari/7534.48.3"
67.173.28.223 - - [19/Feb/2012:23:08:22 -0500] "GET /images/veg.jpg HTTP/1.1" 200 9619 "http://www.BubbeLottie.com/kosher_recipes/veg/" "Mozilla/5.0 (iPhone; CPU iPhone OS 5_0_1 like Mac OS X) AppleWebKit/534.46 (KHTML, like Gecko) Version/5.1 Mobile/9A405 Safari/7534.48.3"
67.173.28.223 - - [19/Feb/2012:23:08:40 -0500] "GET /kosher_recipes/veg/quesoshells.shtml HTTP/1.1" 200 9077 "http://www.BubbeLottie.com/kosher_recipes/veg/" "Mozilla/5.0 (iPhone; CPU iPhone OS 5_0_1 like Mac OS X) AppleWebKit/534.46 (KHTML, like Gecko) Version/5.1 Mobile/9A405 Safari/7534.48.3"
1.202.218.8 - - [19/Feb/2012:23:16:08 -0500] "GET / HTTP/1.0" 200 10804 "-" "\"Mozilla/5.0"
213.186.127.4 - - [20/Feb/2012:00:03:24 -0500] "GET /kosher_recipes/salad/Cole_Slaw.shtml HTTP/1.1" 200 8583 "-" "Mozilla/5.0 (compatible; AhrefsBot/2.0; +http://ahrefs.com/robot/)"
180.76.5.113 - - [20/Feb/2012:00:16:53 -0500] "GET /kosher_recipes/poultry/includes/?C=N;O=D HTTP/1.1" 200 1913 "-" "Mozilla/5.0 (compatible; Baiduspider/2.0; +http://www.baidu.com/search/spider.html)"
199.21.99.111 - - [20/Feb/2012:00:29:12 -0500] "GET /your_recipes/DorasPeaSoup.shtml HTTP/1.1" 200 8697 "-" "Mozilla/5.0 (compatible; YandexBot/3.0; +http://yandex.com/bots)"
213.186.127.4 - - [20/Feb/2012:00:33:37 -0500] "GET /kosher_recipes/passover/Basic_Matzo_Balls.shtml HTTP/1.1" 200 9135 "-" "Mozilla/5.0 (compatible; AhrefsBot/2.0; +http://ahrefs.com/robot/)"
208.115.113.90 - - [20/Feb/2012:00:38:55 -0500] "GET /robots.txt HTTP/1.1" 200 552 "-" "Mozilla/5.0 (compatible; Ezooms/1.0; ezooms.bot@gmail.com)"
1.202.218.8 - - [20/Feb/2012:01:37:49 -0500] "GET / HTTP/1.0" 200 10804 "-" "\"Mozilla/5.0"
208.115.113.90 - - [20/Feb/2012:01:45:12 -0500] "GET /kosher_recipes/dessert/AuntMitzisSourCreamBuns.shtml HTTP/1.1" 200 8683 "-" "Mozilla/5.0 (compatible; Ezooms/1.0; ezooms.bot@gmail.com)"
178.137.129.75 - - [20/Feb/2012:02:10:26 -0500] "GET /kosher_recipes/appetizers/Pitcha.shtml HTTP/1.0" 200 10004 "http://lepkind.com.ua/" "Mozilla/4.0 (compatible; MSIE 5.0; Windows 2000) Opera 6.0 [en]"
178.137.129.75 - - [20/Feb/2012:02:10:31 -0500] "GET /kosher_recipes/appetizers/Pitcha.shtml HTTP/1.0" 200 10004 "http://lepkind.com.ua/" "Mozilla/4.0 (compatible; MSIE 6.0; Windows NT 5.1) Opera 7.54 [en]"
178.137.129.75 - - [20/Feb/2012:02:10:33 -0500] "GET /kosher_recipes/appetizers/Pitcha.shtml HTTP/1.0" 200 10004 "http://lepkind.com.ua/" "Mozilla/4.0 (compatible; MSIE 6.0; Windows NT 5.1; SV1; .NET CLR 1.1.4322)"
220.181.108.139 - - [20/Feb/2012:02:43:13 -0500] "GET / HTTP/1.1" 200 10804 "-" "Mozilla/5.0 (compatible; Baiduspider/2.0; +http://www.baidu.com/search/spider.html)"
199.21.99.111 - - [20/Feb/2012:03:21:54 -0500] "GET /kitchen/index.shtml HTTP/1.1" 200 8593 "-" "Mozilla/5.0 (compatible; YandexBot/3.0; +http://yandex.com/bots)"
65.52.108.25 - - [20/Feb/2012:03:26:26 -0500] "GET /robots.txt HTTP/1.1" 200 552 "-" "Mozilla/5.0 (compatible; bingbot/2.0; +http://www.bing.com/bingbot.htm)"
65.52.108.25 - - [20/Feb/2012:03:27:04 -0500] "GET /kosher_recipes/soup/includes/head.htm.oldgoogle HTTP/1.1" 200 5833 "-" "Mozilla/5.0 (compatible; bingbot/2.0; +http://www.bing.com/bingbot.htm)"
123.125.71.94 - - [20/Feb/2012:03:29:21 -0500] "GET / HTTP/1.1" 200 10804 "-" "Mozilla/5.0 (compatible; Baiduspider/2.0; +http://www.baidu.com/search/spider.html)"
220.181.108.167 - - [20/Feb/2012:03:29:38 -0500] "GET / HTTP/1.1" 200 10804 "-" "Mozilla/5.0 (compatible; Baiduspider/2.0; +http://www.baidu.com/search/spider.html)"
92.206.118.23 - - [20/Feb/2012:03:41:19 -0500] "GET /robots.txt HTTP/1.0" 200 552 "-" "Mozilla/5.0 (compatible; MJ12bot/v1.4.2; http://www.majestic12.co.uk/bot.php?+)"
92.206.118.23 - - [20/Feb/2012:03:41:24 -0500] "GET / HTTP/1.1" 200 10804 "-" "Mozilla/5.0 (compatible; MJ12bot/v1.4.2; http://www.majestic12.co.uk/bot.php?+)"
92.206.118.23 - - [20/Feb/2012:03:41:39 -0500] "GET /robots.txt HTTP/1.0" 200 552 "-" "Mozilla/5.0 (compatible; MJ12bot/v1.4.2; http://www.majestic12.co.uk/bot.php?+)"
92.206.118.23 - - [20/Feb/2012:03:41:45 -0500] "GET / HTTP/1.1" 200 10804 "-" "Mozilla/5.0 (compatible; MJ12bot/v1.4.2; http://www.majestic12.co.uk/bot.php?+)"
1.202.218.8 - - [20/Feb/2012:03:47:12 -0500] "GET / HTTP/1.0" 200 10804 "-" "\"Mozilla/5.0"
64.22.106.82 - - [20/Feb/2012:04:20:48 -0500] "GET /robots.txt HTTP/1.0" 200 552 "-" "Gigabot/3.0 (http://www.gigablast.com/spider.html)"
64.22.106.82 - - [20/Feb/2012:04:20:51 -0500] "GET / HTTP/1.0" 200 10804 "-" "Gigabot/3.0 (http://www.gigablast.com/spider.html)"
180.76.6.36 - - [20/Feb/2012:05:04:36 -0500] "GET /kosher_recipes/meat/includes/kosherlamp HTTP/1.1" 200 268 "-" "Mozilla/5.0 (compatible; Baiduspider/2.0; +http://www.baidu.com/search/spider.html)"
213.186.127.4 - - [20/Feb/2012:05:41:51 -0500] "GET /kosher_recipes/appetizers/Sardine_Spread.shtml HTTP/1.1" 200 8498 "-" "Mozilla/5.0 (compatible; AhrefsBot/2.0; +http://ahrefs.com/robot/)"
1.202.218.8 - - [20/Feb/2012:06:12:46 -0500] "GET / HTTP/1.0" 200 10804 "-" "\"Mozilla/5.0"
199.21.99.111 - - [20/Feb/2012:06:14:37 -0500] "GET /kosher_recipes/meat/BostonBakedBeansandBrisket.shtml HTTP/1.1" 200 9105 "-" "Mozilla/5.0 (compatible; YandexBot/3.0; +http://yandex.com/bots)"
76.72.167.164 - - [20/Feb/2012:06:33:44 -0500] "GET /robots.txt HTTP/1.0" 200 552 "-" "Mozilla/5.0 (compatible; MJ12bot/v1.4.2; http://www.majestic12.co.uk/bot.php?+)"
76.72.167.164 - - [20/Feb/2012:06:33:46 -0500] "GET /?C=D;O=A HTTP/1.0" 200 10804 "-" "Mozilla/5.0 (compatible; MJ12bot/v1.4.2; http://www.majestic12.co.uk/bot.php?+)"
208.80.194.30 - - [20/Feb/2012:07:13:59 -0500] "GET / HTTP/1.0" 200 10804 "-" "Mozilla/4.0 (compatible; MSIE 7.0; Windows NT 5.1; .NET CLR 1.0.3705; .NET CLR 1.1.4322; Media Center PC 4.0; InfoPath.1; IEMB3; .NET CLR 2.0.50727; IEMB3)"
46.4.221.189 - - [20/Feb/2012:07:16:56 -0500] "GET / HTTP/1.1" 200 10804 "-" "Mozilla/4.0 (compatible; MSIE 7.0; Windows NT 5.1)"
180.76.5.66 - - [20/Feb/2012:07:28:34 -0500] "GET /kosher_recipes/poultry/?C=D;O=A HTTP/1.1" 200 8842 "-" "Mozilla/5.0 (compatible; Baiduspider/2.0; +http://www.baidu.com/search/spider.html)"
65.52.108.25 - - [20/Feb/2012:07:39:23 -0500] "GET /robots.txt HTTP/1.1" 200 552 "-" "Mozilla/5.0 (compatible; bingbot/2.0; +http://www.bing.com/bingbot.htm)"
65.52.108.25 - - [20/Feb/2012:07:40:02 -0500] "GET /kosher_recipes/sides/ HTTP/1.1" 200 11886 "-" "Mozilla/5.0 (compatible; bingbot/2.0; +http://www.bing.com/bingbot.htm)"
220.181.108.113 - - [20/Feb/2012:08:42:40 -0500] "GET /kitchen/Lester.shtml HTTP/1.1" 200 10589 "-" "Mozilla/5.0 (compatible; Baiduspider/2.0; +http://www.baidu.com/search/spider.html)"
208.115.113.90 - - [20/Feb/2012:08:59:37 -0500] "GET /robots.txt HTTP/1.1" 200 552 "-" "Mozilla/5.0 (compatible; Ezooms/1.0; ezooms.bot@gmail.com)"
207.46.199.45 - - [20/Feb/2012:09:21:10 -0500] "GET /robots.txt HTTP/1.1" 200 552 "-" "Mozilla/5.0 (compatible; bingbot/2.0; +http://www.bing.com/bingbot.htm)"
207.46.199.45 - - [20/Feb/2012:09:22:16 -0500] "GET /kosher_recipes/meat/includes/head.htm HTTP/1.1" 200 5370 "-" "Mozilla/5.0 (compatible; bingbot/2.0; +http://www.bing.com/bingbot.htm)"
213.186.127.4 - - [20/Feb/2012:09:58:51 -0500] "GET /kosher_recipes/meat/ HTTP/1.1" 200 11274 "-" "Mozilla/5.0 (compatible; AhrefsBot/2.0; +http://ahrefs.com/robot/)"
199.21.99.111 - - [20/Feb/2012:10:10:15 -0500] "GET /your_recipes/index.shtml HTTP/1.1" 200 9094 "-" "Mozilla/5.0 (compatible; YandexBot/3.0; +http://yandex.com/bots)"
213.186.127.4 - - [20/Feb/2012:11:20:08 -0500] "GET /kosher_recipes/salad/includes/ HTTP/1.1" 200 1909 "-" "Mozilla/5.0 (compatible; AhrefsBot/2.0; +http://ahrefs.com/robot/)"
180.76.6.37 - - [20/Feb/2012:11:25:42 -0500] "GET / HTTP/1.1" 200 10804 "-" "Mozilla/5.0 (compatible; Baiduspider/2.0; +http://www.baidu.com/search/spider.html)"
180.76.5.55 - - [20/Feb/2012:11:29:33 -0500] "GET /kosher_recipes/poultry/Honey_Chicken.shtml HTTP/1.1" 200 8718 "-" "Mozilla/5.0 (compatible; Baiduspider/2.0; +http://www.baidu.com/search/spider.html)"
41.208.48.57 - - [20/Feb/2012:12:58:27 -0500] "GET /kosher_recipes/appetizers/Bologna_Log.shtml HTTP/1.1" 200 8578 "http://www.google.com/m?q=Bologna+log&client=ms-nokia&cof=nsp&channel=s40&hl=en" "NokiaC3-00/5.0 (08.65) Profile/MIDP-2.1 Configuration/CLDC-1.1 Mozilla/5.0 AppleWebKit/420+ (KHTML, like Gecko) Safari/420+"
